CRAN Package Check Results for Package getProxy

Last updated on 2021-12-03 22:57:41 CET.

Flavor Version Tinstall Tcheck Ttotal Status Flags
r-devel-linux-x86_64-debian-clang 1.12 2.58 27.34 29.92 OK
r-devel-linux-x86_64-debian-gcc 1.12 2.04 22.13 24.17 OK
r-devel-linux-x86_64-fedora-clang 1.12 48.55 NOTE
r-devel-linux-x86_64-fedora-gcc 1.12 37.26 NOTE
r-devel-windows-x86_64-new-UL 1.12 7.00 69.00 76.00 OK
r-devel-windows-x86_64-new-TK 1.12 NOTE
r-devel-windows-x86_64-old 1.12 5.00 36.00 41.00 OK
r-patched-linux-x86_64 1.12 2.74 26.66 29.40 OK
r-release-linux-x86_64 1.12 2.28 26.72 29.00 OK
r-release-macos-arm64 1.12 NOTE
r-release-macos-x86_64 1.12 NOTE
r-release-windows-ix86+x86_64 1.12 6.00 48.00 54.00 OK
r-oldrel-macos-x86_64 1.12 NOTE
r-oldrel-windows-ix86+x86_64 1.12 7.00 45.00 52.00 OK

Check Details

Version: 1.12
Check: dependencies in R code
Result: NOTE
    Namespaces in Imports field not imported from:
     ‘bitops’ ‘data.table’ ‘dplyr’ ‘httr’
     All declared Imports should be used.
Flavors: r-devel-linux-x86_64-fedora-clang, r-devel-linux-x86_64-fedora-gcc, r-devel-windows-x86_64-new-TK, r-release-macos-arm64, r-release-macos-x86_64, r-oldrel-macos-x86_64