CRAN Package Check Results for Package gets

Last updated on 2024-04-16 22:55:26 CEST.

Flavor Version Tinstall Tcheck Ttotal Status Flags
r-devel-linux-x86_64-debian-clang 0.37 12.89 120.55 133.44 NOTE
r-devel-linux-x86_64-debian-gcc 0.37 10.93 86.89 97.82 NOTE
r-devel-linux-x86_64-fedora-clang 0.37 167.49 NOTE
r-devel-linux-x86_64-fedora-gcc 0.37 176.10 NOTE
r-prerel-macos-arm64 0.37 51.00 NOTE
r-prerel-windows-x86_64 0.37 13.00 134.00 147.00 NOTE
r-patched-linux-x86_64 0.37 16.34 114.95 131.29 NOTE
r-release-linux-x86_64 0.37 12.44 112.47 124.91 OK
r-release-macos-arm64 0.37 50.00 OK
r-release-macos-x86_64 0.37 120.00 OK
r-release-windows-x86_64 0.37 16.00 152.00 168.00 OK
r-oldrel-macos-arm64 0.37 46.00 OK
r-oldrel-windows-x86_64 0.37 16.00 147.00 163.00 OK

Check Details

Version: 0.37
Check: Rd files
Result: NOTE checkRd: (-1) vargaugeiis.Rd:22: Lost braces 22 | \details{The function computes the variance of the Gauge (false-positive rate of outliers in impulse indicator saturation) for a given level of significance of selection (\code{t.pval}) and sample size ({\code{T}) based on Jiao and Pretis (2019). This is an auxilliary function used within the \code{\link{outliertest}} function.}} | ^ Flavors: r-devel-linux-x86_64-debian-clang, r-devel-linux-x86_64-debian-gcc, r-devel-linux-x86_64-fedora-clang, r-devel-linux-x86_64-fedora-gcc, r-prerel-macos-arm64, r-prerel-windows-x86_64, r-patched-linux-x86_64