Last updated on 2023-10-01 23:03:46 CEST.
Flavor | Version | Tinstall | Tcheck | Ttotal | Status | Flags |
---|---|---|---|---|---|---|
r-devel-linux-x86_64-debian-clang | 1.0.0 | 45.90 | 36.47 | 82.37 | NOTE | |
r-devel-linux-x86_64-debian-gcc | 1.0.0 | 31.57 | 28.40 | 59.97 | NOTE | |
r-devel-linux-x86_64-fedora-clang | 1.0.0 | 110.94 | NOTE | |||
r-devel-linux-x86_64-fedora-gcc | 1.0.0 | 122.79 | NOTE | |||
r-devel-windows-x86_64 | 1.0.0 | 34.00 | 128.00 | 162.00 | NOTE | |
r-patched-linux-x86_64 | 1.0.0 | 46.37 | 35.91 | 82.28 | NOTE | |
r-release-linux-x86_64 | 1.0.0 | 42.35 | 35.02 | 77.37 | NOTE | |
r-release-macos-arm64 | 1.0.0 | 69.00 | NOTE | |||
r-release-macos-x86_64 | 1.0.0 | 111.00 | NOTE | |||
r-release-windows-x86_64 | 1.0.0 | 44.00 | 141.00 | 185.00 | NOTE | |
r-oldrel-macos-arm64 | 1.0.0 | 60.00 | OK | |||
r-oldrel-macos-x86_64 | 1.0.0 | 76.00 | OK | |||
r-oldrel-windows-x86_64 | 1.0.0 | 40.00 | 143.00 | 183.00 | OK |
Version: 1.0.0
Check: C++ specification
Result: NOTE
Specified C++11: please drop specification unless essential
Flavors: r-devel-linux-x86_64-debian-clang, r-devel-linux-x86_64-debian-gcc, r-devel-linux-x86_64-fedora-clang, r-devel-linux-x86_64-fedora-gcc, r-devel-windows-x86_64, r-patched-linux-x86_64, r-release-linux-x86_64, r-release-macos-arm64, r-release-macos-x86_64, r-release-windows-x86_64