CRAN Package Check Results for Package ggHoriPlot

Last updated on 2021-11-26 23:03:26 CET.

Flavor Version Tinstall Tcheck Ttotal Status Flags
r-devel-linux-x86_64-debian-clang 1.0.0 6.74 185.95 192.69 OK
r-devel-linux-x86_64-debian-gcc 1.0.0 5.09 129.88 134.97 OK
r-devel-linux-x86_64-fedora-clang 1.0.0 236.27 NOTE
r-devel-linux-x86_64-fedora-gcc 1.0.0 227.15 OK
r-devel-windows-x86_64-new-UL 1.0.0 17.00 236.00 253.00 OK
r-devel-windows-x86_64-new-TK 1.0.0 OK
r-devel-windows-x86_64-old 1.0.0 10.00 221.00 231.00 OK
r-patched-linux-x86_64 1.0.0 6.26 164.40 170.66 OK
r-patched-solaris-x86 1.0.0 112.00 OK
r-release-linux-x86_64 1.0.0 OK
r-release-macos-arm64 1.0.0 OK
r-release-macos-x86_64 1.0.0 OK
r-release-windows-ix86+x86_64 1.0.0 17.00 146.00 163.00 OK
r-oldrel-macos-x86_64 1.0.0 OK
r-oldrel-windows-ix86+x86_64 1.0.0 17.00 204.00 221.00 OK

Check Details

Version: 1.0.0
Check: Rd cross-references
Result: NOTE
    Undeclared package ‘rlang’ in Rd xrefs
Flavor: r-devel-linux-x86_64-fedora-clang