CRAN Package Check Results for Package ggPMX

Last updated on 2021-05-16 22:49:51 CEST.

Flavor Version Tinstall Tcheck Ttotal Status Flags
r-devel-linux-x86_64-debian-clang 1.1.2 13.94 222.97 236.91 NOTE
r-devel-linux-x86_64-debian-gcc 1.1.2 11.15 164.75 175.90 NOTE
r-devel-linux-x86_64-fedora-clang 1.1.2 270.72 NOTE
r-devel-linux-x86_64-fedora-gcc 1.1.2 277.54 NOTE
r-devel-windows-ix86+x86_64 1.1.2 30.00 232.00 262.00 NOTE
r-devel-windows-x86_64-gcc10-UCRT 1.1.2 NOTE
r-patched-linux-x86_64 1.1.2 14.93 204.14 219.07 NOTE
r-patched-solaris-x86 1.1.2 271.10 NOTE
r-release-linux-x86_64 1.1.2 11.64 196.05 207.69 OK
r-release-macos-x86_64 1.1.2 OK
r-release-windows-ix86+x86_64 1.1.2 21.00 192.00 213.00 OK
r-oldrel-macos-x86_64 1.1.2 OK
r-oldrel-windows-ix86+x86_64 1.1.2 19.00 269.00 288.00 OK

Check Details

Version: 1.1.2
Check: LazyData
Result: NOTE
     'LazyData' is specified without a 'data' directory
Flavors: r-devel-linux-x86_64-debian-clang, r-devel-linux-x86_64-debian-gcc, r-devel-linux-x86_64-fedora-clang, r-devel-linux-x86_64-fedora-gcc, r-devel-windows-ix86+x86_64, r-devel-windows-x86_64-gcc10-UCRT, r-patched-linux-x86_64, r-patched-solaris-x86

Version: 1.1.2
Check: installed package size
Result: NOTE
     installed size is 5.3Mb
     sub-directories of 1Mb or more:
     doc 1.1Mb
     help 1.0Mb
     testdata 2.5Mb
Flavor: r-patched-solaris-x86