CRAN Package Check Results for Package ggQC

Last updated on 2021-11-30 22:54:32 CET.

Flavor Version Tinstall Tcheck Ttotal Status Flags
r-devel-linux-x86_64-debian-clang 0.0.31 8.75 80.53 89.28 NOTE
r-devel-linux-x86_64-debian-gcc 0.0.31 6.19 64.31 70.50 NOTE
r-devel-linux-x86_64-fedora-clang 0.0.31 115.02 NOTE
r-devel-linux-x86_64-fedora-gcc 0.0.31 102.83 NOTE
r-devel-windows-x86_64-new-UL 0.0.31 22.00 138.00 160.00 NOTE
r-devel-windows-x86_64-new-TK 0.0.31 NOTE
r-devel-windows-x86_64-old 0.0.31 14.00 88.00 102.00 NOTE
r-patched-linux-x86_64 0.0.31 12.65 75.60 88.25 NOTE
r-patched-solaris-x86 0.0.31 113.50 NOTE
r-release-linux-x86_64 0.0.31 6.13 76.67 82.80 NOTE
r-release-macos-arm64 0.0.31 NOTE
r-release-macos-x86_64 0.0.31 NOTE
r-release-windows-ix86+x86_64 0.0.31 17.00 83.00 100.00 NOTE
r-oldrel-macos-x86_64 0.0.31 OK
r-oldrel-windows-ix86+x86_64 0.0.31 11.00 86.00 97.00 OK

Check Details

Version: 0.0.31
Check: LazyData
Result: NOTE
     'LazyData' is specified without a 'data' directory
Flavors: r-devel-linux-x86_64-debian-clang, r-devel-linux-x86_64-debian-gcc, r-devel-linux-x86_64-fedora-clang, r-devel-linux-x86_64-fedora-gcc, r-devel-windows-x86_64-new-UL, r-devel-windows-x86_64-new-TK, r-devel-windows-x86_64-old, r-patched-linux-x86_64, r-patched-solaris-x86, r-release-linux-x86_64, r-release-macos-arm64, r-release-macos-x86_64, r-release-windows-ix86+x86_64