CRAN Package Check Results for Package ggQQunif

Last updated on 2020-02-17 22:49:33 CET.

Flavor Version Tinstall Tcheck Ttotal Status Flags
r-devel-linux-x86_64-debian-clang 0.1.5 3.60 24.65 28.25 OK
r-devel-linux-x86_64-debian-gcc 0.1.5 2.81 19.24 22.05 OK
r-devel-linux-x86_64-fedora-clang 0.1.5 35.61 NOTE
r-devel-linux-x86_64-fedora-gcc 0.1.5 34.22 NOTE
r-devel-windows-ix86+x86_64 0.1.5 8.00 38.00 46.00 OK
r-devel-windows-ix86+x86_64-gcc8 0.1.5 13.00 50.00 63.00 OK
r-patched-linux-x86_64 0.1.5 3.02 21.61 24.63 OK
r-patched-solaris-x86 0.1.5 48.00 NOTE
r-release-linux-x86_64 0.1.5 2.68 21.76 24.44 OK
r-release-windows-ix86+x86_64 0.1.5 7.00 36.00 43.00 OK
r-release-osx-x86_64 0.1.5 NOTE
r-oldrel-windows-ix86+x86_64 0.1.5 4.00 36.00 40.00 OK
r-oldrel-osx-x86_64 0.1.5 NOTE

Check Details

Version: 0.1.5
Check: dependencies in R code
Result: NOTE
    Namespace in Imports field not imported from: ‘dplyr’
     All declared Imports should be used.
Flavors: r-devel-linux-x86_64-fedora-clang, r-devel-linux-x86_64-fedora-gcc, r-patched-solaris-x86, r-release-osx-x86_64, r-oldrel-osx-x86_64