CRAN Package Check Results for Package ggQQunif

Last updated on 2019-09-17 22:48:08 CEST.

Flavor Version Tinstall Tcheck Ttotal Status Flags
r-devel-linux-x86_64-debian-clang 0.1.5 3.19 21.90 25.09 OK
r-devel-linux-x86_64-debian-gcc 0.1.5 2.49 17.53 20.02 OK
r-devel-linux-x86_64-fedora-clang 0.1.5 32.28 NOTE
r-devel-linux-x86_64-fedora-gcc 0.1.5 30.40 NOTE
r-devel-windows-ix86+x86_64 0.1.5 19.00 35.00 54.00 OK
r-patched-linux-x86_64 0.1.5 2.49 21.61 24.10 OK
r-patched-solaris-x86 0.1.5 46.30 NOTE
r-release-linux-x86_64 0.1.5 2.77 21.47 24.24 OK
r-release-windows-ix86+x86_64 0.1.5 8.00 40.00 48.00 OK
r-release-osx-x86_64 0.1.5 NOTE
r-oldrel-windows-ix86+x86_64 0.1.5 5.00 33.00 38.00 OK
r-oldrel-osx-x86_64 0.1.5 NOTE

Check Details

Version: 0.1.5
Check: dependencies in R code
Result: NOTE
    Namespace in Imports field not imported from: ‘dplyr’
     All declared Imports should be used.
Flavors: r-devel-linux-x86_64-fedora-clang, r-devel-linux-x86_64-fedora-gcc, r-patched-solaris-x86, r-release-osx-x86_64, r-oldrel-osx-x86_64