CRAN Package Check Results for Package ggROC

Last updated on 2019-09-20 22:50:02 CEST.

Flavor Version Tinstall Tcheck Ttotal Status Flags
r-devel-linux-x86_64-debian-clang 1.0 2.61 29.95 32.56 NOTE
r-devel-linux-x86_64-debian-gcc 1.0 2.66 23.87 26.53 NOTE
r-devel-linux-x86_64-fedora-clang 1.0 41.26 NOTE
r-devel-linux-x86_64-fedora-gcc 1.0 39.54 NOTE
r-devel-windows-ix86+x86_64 1.0 23.00 44.00 67.00 NOTE
r-patched-linux-x86_64 1.0 2.69 29.13 31.82 NOTE
r-patched-solaris-x86 1.0 61.40 NOTE
r-release-linux-x86_64 1.0 2.60 29.16 31.76 NOTE
r-release-windows-ix86+x86_64 1.0 11.00 80.00 91.00 NOTE
r-release-osx-x86_64 1.0 NOTE
r-oldrel-windows-ix86+x86_64 1.0 6.00 46.00 52.00 NOTE
r-oldrel-osx-x86_64 1.0 NOTE

Check Details

Version: 1.0
Check: DESCRIPTION meta-information
Result: NOTE
    Malformed Description field: should contain one or more complete sentences.
    Package listed in more than one of Depends, Imports, Suggests, Enhances:
     'ggplot2'
    A package should be listed in only one of these fields.
Flavors: r-devel-linux-x86_64-debian-clang, r-devel-linux-x86_64-debian-gcc, r-devel-linux-x86_64-fedora-clang, r-devel-linux-x86_64-fedora-gcc, r-devel-windows-ix86+x86_64, r-patched-linux-x86_64, r-patched-solaris-x86, r-release-linux-x86_64, r-release-windows-ix86+x86_64, r-release-osx-x86_64, r-oldrel-windows-ix86+x86_64, r-oldrel-osx-x86_64

Version: 1.0
Check: dependencies in R code
Result: NOTE
    Package in Depends field not imported from: 'ggplot2'
     These packages need to be imported from (in the NAMESPACE file)
     for when this namespace is loaded but not attached.
Flavors: r-devel-linux-x86_64-debian-clang, r-devel-linux-x86_64-debian-gcc, r-devel-linux-x86_64-fedora-clang, r-devel-linux-x86_64-fedora-gcc, r-devel-windows-ix86+x86_64, r-patched-linux-x86_64, r-patched-solaris-x86, r-release-linux-x86_64, r-release-windows-ix86+x86_64, r-release-osx-x86_64, r-oldrel-windows-ix86+x86_64, r-oldrel-osx-x86_64

Version: 1.0
Check: R code for possible problems
Result: NOTE
    ggroc: no visible global function definition for 'ggplot'
    ggroc: no visible global function definition for 'aes'
    ggroc: no visible global function definition for 'geom_point'
    ggroc: no visible global function definition for 'geom_line'
    ggroc: no visible global function definition for 'theme'
    ggroc: no visible global function definition for 'element_text'
    ggroc: no visible global function definition for 'labs'
    ggroc: no visible global function definition for 'ggsave'
    Undefined global functions or variables:
     aes element_text geom_line geom_point ggplot ggsave labs theme
Flavors: r-devel-linux-x86_64-debian-clang, r-devel-linux-x86_64-debian-gcc, r-devel-linux-x86_64-fedora-clang, r-devel-linux-x86_64-fedora-gcc, r-devel-windows-ix86+x86_64, r-patched-linux-x86_64, r-patched-solaris-x86, r-release-linux-x86_64, r-release-windows-ix86+x86_64, r-release-osx-x86_64, r-oldrel-windows-ix86+x86_64, r-oldrel-osx-x86_64

Version: 1.0
Check: for non-standard things in the check directory
Result: NOTE
    Found the following files/directories:
     'roc.pdf'
Flavors: r-devel-linux-x86_64-debian-clang, r-devel-linux-x86_64-debian-gcc, r-devel-linux-x86_64-fedora-clang, r-devel-linux-x86_64-fedora-gcc