CRAN Package Check Results for Package ggRandomForests

Last updated on 2020-01-18 22:48:33 CET.

Flavor Version Tinstall Tcheck Ttotal Status Flags
r-devel-linux-x86_64-debian-clang 2.0.1 13.88 100.91 114.79 OK
r-devel-linux-x86_64-debian-gcc 2.0.1 11.48 74.20 85.68 OK
r-devel-linux-x86_64-fedora-clang 2.0.1 138.26 NOTE
r-devel-linux-x86_64-fedora-gcc 2.0.1 135.96 NOTE
r-devel-windows-ix86+x86_64 2.0.1 39.00 150.00 189.00 OK
r-devel-windows-ix86+x86_64-gcc8 2.0.1 31.00 153.00 184.00 OK
r-patched-linux-x86_64 2.0.1 13.86 84.77 98.63 OK
r-patched-solaris-x86 2.0.1 173.40 NOTE
r-release-linux-x86_64 2.0.1 10.70 85.99 96.69 OK
r-release-windows-ix86+x86_64 2.0.1 35.00 143.00 178.00 OK
r-release-osx-x86_64 2.0.1 NOTE
r-oldrel-windows-ix86+x86_64 2.0.1 21.00 91.00 112.00 OK
r-oldrel-osx-x86_64 2.0.1 NOTE

Check Details

Version: 2.0.1
Check: dependencies in R code
Result: NOTE
    Namespace in Imports field not imported from: ‘randomForest’
     All declared Imports should be used.
Flavors: r-devel-linux-x86_64-fedora-clang, r-devel-linux-x86_64-fedora-gcc, r-patched-solaris-x86, r-release-osx-x86_64, r-oldrel-osx-x86_64