CRAN Package Check Results for Package ggRandomForests

Last updated on 2019-09-15 22:49:21 CEST.

Flavor Version Tinstall Tcheck Ttotal Status Flags
r-devel-linux-x86_64-debian-clang 2.0.1 11.06 91.00 102.06 OK
r-devel-linux-x86_64-debian-gcc 2.0.1 10.37 68.13 78.50 OK
r-devel-linux-x86_64-fedora-clang 2.0.1 121.88 NOTE
r-devel-linux-x86_64-fedora-gcc 2.0.1 113.39 NOTE
r-devel-windows-ix86+x86_64 2.0.1 38.00 134.00 172.00 OK
r-patched-linux-x86_64 2.0.1 11.82 86.25 98.07 OK
r-patched-solaris-x86 2.0.1 166.30 NOTE
r-release-linux-x86_64 2.0.1 10.01 85.84 95.85 OK
r-release-windows-ix86+x86_64 2.0.1 23.00 112.00 135.00 OK
r-release-osx-x86_64 2.0.1 NOTE
r-oldrel-windows-ix86+x86_64 2.0.1 24.00 141.00 165.00 OK
r-oldrel-osx-x86_64 2.0.1 NOTE

Check Details

Version: 2.0.1
Check: dependencies in R code
Result: NOTE
    Namespace in Imports field not imported from: ‘randomForest’
     All declared Imports should be used.
Flavors: r-devel-linux-x86_64-fedora-clang, r-devel-linux-x86_64-fedora-gcc, r-patched-solaris-x86, r-release-osx-x86_64, r-oldrel-osx-x86_64