CRAN Package Check Results for Package ggThemeAssist

Last updated on 2024-02-25 23:02:08 CET.

Flavor Version Tinstall Tcheck Ttotal Status Flags
r-devel-linux-x86_64-debian-clang 0.1.5 7.43 55.79 63.22 NOTE
r-devel-linux-x86_64-debian-gcc 0.1.5 5.72 42.20 47.92 NOTE
r-devel-linux-x86_64-fedora-clang 0.1.5 76.72 NOTE
r-devel-linux-x86_64-fedora-gcc 0.1.5 72.88 NOTE
r-devel-windows-x86_64 0.1.5 7.00 59.00 66.00 NOTE
r-patched-linux-x86_64 0.1.5 4.23 53.50 57.73 NOTE
r-release-linux-x86_64 0.1.5 5.79 52.62 58.41 NOTE
r-release-macos-arm64 0.1.5 31.00 NOTE
r-release-macos-x86_64 0.1.5 51.00 NOTE
r-release-windows-x86_64 0.1.5 9.00 74.00 83.00 NOTE
r-oldrel-macos-arm64 0.1.5 33.00 NOTE
r-oldrel-windows-x86_64 0.1.5 10.00 75.00 85.00 NOTE

Check Details

Version: 0.1.5
Check: LazyData
Result: NOTE 'LazyData' is specified without a 'data' directory Flavors: r-devel-linux-x86_64-debian-clang, r-devel-linux-x86_64-debian-gcc, r-devel-linux-x86_64-fedora-clang, r-devel-linux-x86_64-fedora-gcc, r-devel-windows-x86_64, r-patched-linux-x86_64, r-release-linux-x86_64, r-release-macos-arm64, r-release-macos-x86_64, r-release-windows-x86_64, r-oldrel-macos-arm64, r-oldrel-windows-x86_64