Last updated on 2024-03-28 23:01:45 CET.
Flavor | Version | Tinstall | Tcheck | Ttotal | Status | Flags |
---|---|---|---|---|---|---|
r-devel-linux-x86_64-debian-clang | 1.0.2 | 6.00 | 74.01 | 80.01 | NOTE | |
r-devel-linux-x86_64-debian-gcc | 1.0.2 | 5.68 | 55.99 | 61.67 | NOTE | |
r-devel-linux-x86_64-fedora-clang | 1.0.2 | 103.02 | NOTE | |||
r-devel-linux-x86_64-fedora-gcc | 1.0.2 | 110.96 | NOTE | |||
r-devel-windows-x86_64 | 1.0.2 | 7.00 | 75.00 | 82.00 | NOTE | |
r-patched-linux-x86_64 | 1.0.2 | 6.14 | 73.06 | 79.20 | NOTE | |
r-release-linux-x86_64 | 1.0.2 | 6.24 | 70.32 | 76.56 | NOTE | |
r-release-macos-arm64 | 1.0.2 | 38.00 | NOTE | |||
r-release-macos-x86_64 | 1.0.2 | 61.00 | NOTE | |||
r-release-windows-x86_64 | 1.0.2 | 9.00 | 85.00 | 94.00 | NOTE | |
r-oldrel-macos-arm64 | 1.0.2 | 31.00 | OK | |||
r-oldrel-windows-x86_64 | 1.0.2 | 9.00 | 89.00 | 98.00 | OK |
Version: 1.0.2
Check: package subdirectories
Result: NOTE
Problems with news in ‘NEWS.md’:
Cannot extract version info from the following section titles:
Win CRAN check results - R Windows
Flavors: r-devel-linux-x86_64-debian-clang, r-devel-linux-x86_64-debian-gcc, r-devel-linux-x86_64-fedora-clang, r-devel-linux-x86_64-fedora-gcc, r-devel-windows-x86_64, r-patched-linux-x86_64, r-release-linux-x86_64, r-release-macos-arm64, r-release-macos-x86_64, r-release-windows-x86_64