CRAN Package Check Results for Package ggalluvial

Last updated on 2022-09-26 23:10:33 CEST.

Flavor Version Tinstall Tcheck Ttotal Status Flags
r-devel-linux-x86_64-debian-clang 0.12.3 10.59 159.91 170.50 NOTE
r-devel-linux-x86_64-debian-gcc 0.12.3 9.12 113.13 122.25 NOTE
r-devel-linux-x86_64-fedora-clang 0.12.3 209.56 NOTE
r-devel-linux-x86_64-fedora-gcc 0.12.3 210.59 NOTE
r-devel-windows-x86_64 0.12.3 84.00 192.00 276.00 NOTE
r-patched-linux-x86_64 0.12.3 11.56 144.30 155.86 OK
r-release-linux-x86_64 0.12.3 9.91 143.96 153.87 OK
r-release-macos-arm64 0.12.3 67.00 OK
r-release-macos-x86_64 0.12.3 124.00 OK
r-release-windows-x86_64 0.12.3 108.00 182.00 290.00 OK
r-oldrel-macos-arm64 0.12.3 94.00 OK
r-oldrel-macos-x86_64 0.12.3 113.00 OK
r-oldrel-windows-ix86+x86_64 0.12.3 22.00 185.00 207.00 OK

Check Details

Version: 0.12.3
Check: package subdirectories
Result: NOTE
    Problems with news in 'NEWS.md':
     Cannot extract version info from the following section titles:
     earlier versions
Flavors: r-devel-linux-x86_64-debian-clang, r-devel-linux-x86_64-debian-gcc, r-devel-linux-x86_64-fedora-clang, r-devel-linux-x86_64-fedora-gcc, r-devel-windows-x86_64