CRAN Package Check Results for Package ggamma

Last updated on 2021-05-16 22:49:51 CEST.

Flavor Version Tinstall Tcheck Ttotal Status Flags
r-devel-linux-x86_64-debian-clang 1.0.1 1.77 27.35 29.12 NOTE
r-devel-linux-x86_64-debian-gcc 1.0.1 1.50 21.47 22.97 NOTE
r-devel-linux-x86_64-fedora-clang 1.0.1 42.36 NOTE
r-devel-linux-x86_64-fedora-gcc 1.0.1 32.61 NOTE
r-devel-windows-ix86+x86_64 1.0.1 5.00 33.00 38.00 NOTE
r-devel-windows-x86_64-gcc10-UCRT 1.0.1 NOTE
r-patched-linux-x86_64 1.0.1 1.89 26.29 28.18 NOTE
r-patched-solaris-x86 1.0.1 51.90 NOTE
r-release-linux-x86_64 1.0.1 1.69 25.72 27.41 OK
r-release-macos-x86_64 1.0.1 OK
r-release-windows-ix86+x86_64 1.0.1 4.00 35.00 39.00 OK
r-oldrel-macos-x86_64 1.0.1 OK
r-oldrel-windows-ix86+x86_64 1.0.1 3.00 42.00 45.00 OK

Check Details

Version: 1.0.1
Check: LazyData
Result: NOTE
     'LazyData' is specified without a 'data' directory
Flavors: r-devel-linux-x86_64-debian-clang, r-devel-linux-x86_64-debian-gcc, r-devel-linux-x86_64-fedora-clang, r-devel-linux-x86_64-fedora-gcc, r-devel-windows-ix86+x86_64, r-devel-windows-x86_64-gcc10-UCRT, r-patched-linux-x86_64, r-patched-solaris-x86