CRAN Package Check Results for Package ggbeeswarm

Last updated on 2021-09-20 01:48:41 CEST.

Flavor Version Tinstall Tcheck Ttotal Status Flags
r-devel-linux-x86_64-debian-clang 0.6.0 4.92 72.96 77.88 OK
r-devel-linux-x86_64-debian-gcc 0.6.0 3.03 53.58 56.61 OK
r-devel-linux-x86_64-fedora-clang 0.6.0 97.34 OK
r-devel-linux-x86_64-fedora-gcc 0.6.0 86.29 OK
r-devel-windows-x86_64 0.6.0 6.00 67.00 73.00 OK
r-devel-windows-x86_64-gcc10-UCRT 0.6.0 ERROR
r-patched-linux-x86_64 0.6.0 7.69 66.34 74.03 OK
r-patched-solaris-x86 0.6.0 114.90 OK
r-release-linux-x86_64 0.6.0 4.44 67.49 71.93 OK
r-release-macos-arm64 0.6.0 OK
r-release-macos-x86_64 0.6.0 OK
r-release-windows-ix86+x86_64 0.6.0 12.00 72.00 84.00 OK
r-oldrel-macos-x86_64 0.6.0 OK
r-oldrel-windows-ix86+x86_64 0.6.0 13.00 75.00 88.00 OK

Check Details

Version: 0.6.0
Check: whether package can be installed
Result: WARN
    Found the following significant warnings:
     WARNING: installation-time patches will not be applied, could not get the patches index
Flavor: r-devel-windows-x86_64-gcc10-UCRT

Version: 0.6.0
Check: PDF version of manual
Result: WARN
    LaTeX errors when creating PDF version.
    This typically indicates Rd problems.
Flavor: r-devel-windows-x86_64-gcc10-UCRT

Version: 0.6.0
Check: PDF version of manual without hyperrefs or index
Result: ERROR
    Re-running with no redirection of stdout/stderr.
Flavor: r-devel-windows-x86_64-gcc10-UCRT