CRAN Package Check Results for Package ggborderline

Last updated on 2021-11-29 22:59:12 CET.

Flavor Version Tinstall Tcheck Ttotal Status Flags
r-devel-linux-x86_64-debian-clang 0.1.0 4.61 44.04 48.65 OK
r-devel-linux-x86_64-debian-gcc 0.1.0 3.64 33.13 36.77 OK
r-devel-linux-x86_64-fedora-clang 0.1.0 68.10 NOTE
r-devel-linux-x86_64-fedora-gcc 0.1.0 56.35 NOTE
r-devel-windows-x86_64-new-UL 0.1.0 12.00 81.00 93.00 OK
r-devel-windows-x86_64-new-TK 0.1.0 NOTE
r-devel-windows-x86_64-old 0.1.0 10.00 45.00 55.00 OK
r-patched-linux-x86_64 0.1.0 4.67 40.05 44.72 OK
r-patched-solaris-x86 0.1.0 84.40 NOTE
r-release-linux-x86_64 0.1.0 4.40 40.02 44.42 OK
r-release-macos-arm64 0.1.0 NOTE
r-release-macos-x86_64 0.1.0 NOTE
r-release-windows-ix86+x86_64 0.1.0 14.00 50.00 64.00 OK
r-oldrel-macos-x86_64 0.1.0 NOTE
r-oldrel-windows-ix86+x86_64 0.1.0 13.00 45.00 58.00 OK

Check Details

Version: 0.1.0
Check: dependencies in R code
Result: NOTE
    Namespace in Imports field not imported from: ‘scales’
     All declared Imports should be used.
Flavors: r-devel-linux-x86_64-fedora-clang, r-devel-linux-x86_64-fedora-gcc, r-devel-windows-x86_64-new-TK, r-patched-solaris-x86, r-release-macos-arm64, r-release-macos-x86_64, r-oldrel-macos-x86_64