CRAN Package Check Results for Package ggbump

Last updated on 2021-11-29 22:59:12 CET.

Flavor Version Tinstall Tcheck Ttotal Status Flags
r-devel-linux-x86_64-debian-clang 0.1.0 4.20 43.51 47.71 NOTE
r-devel-linux-x86_64-debian-gcc 0.1.0 2.93 32.63 35.56 NOTE
r-devel-linux-x86_64-fedora-clang 0.1.0 69.27 NOTE
r-devel-linux-x86_64-fedora-gcc 0.1.0 55.73 NOTE
r-devel-windows-x86_64-new-UL 0.1.0 11.00 80.00 91.00 NOTE
r-devel-windows-x86_64-new-TK 0.1.0 NOTE
r-devel-windows-x86_64-old 0.1.0 9.00 46.00 55.00 NOTE
r-patched-linux-x86_64 0.1.0 4.12 39.52 43.64 NOTE
r-patched-solaris-x86 0.1.0 83.90 NOTE
r-release-linux-x86_64 0.1.0 3.40 39.98 43.38 NOTE
r-release-macos-arm64 0.1.0 NOTE
r-release-macos-x86_64 0.1.0 NOTE
r-release-windows-ix86+x86_64 0.1.0 13.00 51.00 64.00 NOTE
r-oldrel-macos-x86_64 0.1.0 OK
r-oldrel-windows-ix86+x86_64 0.1.0 10.00 46.00 56.00 OK

Check Details

Version: 0.1.0
Check: LazyData
Result: NOTE
     'LazyData' is specified without a 'data' directory
Flavors: r-devel-linux-x86_64-debian-clang, r-devel-linux-x86_64-debian-gcc, r-devel-linux-x86_64-fedora-clang, r-devel-linux-x86_64-fedora-gcc, r-devel-windows-x86_64-new-UL, r-devel-windows-x86_64-new-TK, r-devel-windows-x86_64-old, r-patched-linux-x86_64, r-patched-solaris-x86, r-release-linux-x86_64, r-release-macos-arm64, r-release-macos-x86_64, r-release-windows-ix86+x86_64