CRAN Package Check Results for Package ggconf

Last updated on 2021-11-28 22:51:15 CET.

Flavor Version Tinstall Tcheck Ttotal Status Flags
r-devel-linux-x86_64-debian-clang 0.1.3 NOTE
r-devel-linux-x86_64-debian-gcc 0.1.3 20.96 43.64 64.60 NOTE
r-devel-linux-x86_64-fedora-clang 0.1.3 121.02 NOTE
r-devel-linux-x86_64-fedora-gcc 0.1.3 105.77 NOTE
r-devel-windows-x86_64-new-UL 0.1.3 68.00 100.00 168.00 NOTE
r-devel-windows-x86_64-new-TK 0.1.3 NOTE
r-devel-windows-x86_64-old 0.1.3 33.00 82.00 115.00 NOTE
r-patched-linux-x86_64 0.1.3 25.78 50.65 76.43 NOTE
r-patched-solaris-x86 0.1.3 134.20 NOTE
r-release-linux-x86_64 0.1.3 24.89 51.05 75.94 NOTE
r-release-macos-arm64 0.1.3 NOTE
r-release-macos-x86_64 0.1.3 NOTE
r-release-windows-ix86+x86_64 0.1.3 49.00 54.00 103.00 NOTE
r-oldrel-macos-x86_64 0.1.3 OK
r-oldrel-windows-ix86+x86_64 0.1.3 52.00 72.00 124.00 OK

Check Details

Version: 0.1.3
Check: LazyData
Result: NOTE
     'LazyData' is specified without a 'data' directory
Flavors: r-devel-linux-x86_64-debian-clang, r-devel-linux-x86_64-debian-gcc, r-devel-linux-x86_64-fedora-clang, r-devel-linux-x86_64-fedora-gcc, r-devel-windows-x86_64-new-UL, r-devel-windows-x86_64-new-TK, r-devel-windows-x86_64-old, r-patched-linux-x86_64, r-patched-solaris-x86, r-release-linux-x86_64, r-release-macos-arm64, r-release-macos-x86_64, r-release-windows-ix86+x86_64