Last updated on 2023-09-23 23:00:47 CEST.
Flavor | Version | Tinstall | Tcheck | Ttotal | Status | Flags |
---|---|---|---|---|---|---|
r-devel-linux-x86_64-debian-clang | 0.2.1 | 5.35 | 53.51 | 58.86 | NOTE | |
r-devel-linux-x86_64-debian-gcc | 0.2.1 | 4.13 | 40.15 | 44.28 | NOTE | |
r-devel-linux-x86_64-fedora-clang | 0.2.1 | 71.58 | NOTE | |||
r-devel-linux-x86_64-fedora-gcc | 0.2.1 | 68.94 | NOTE | |||
r-devel-windows-x86_64 | 0.2.1 | 7.00 | 59.00 | 66.00 | NOTE | |
r-patched-linux-x86_64 | 0.2.1 | 4.24 | 50.67 | 54.91 | NOTE | |
r-release-linux-x86_64 | 0.2.1 | 4.16 | 50.96 | 55.12 | NOTE | |
r-release-macos-arm64 | 0.2.1 | 26.00 | NOTE | |||
r-release-macos-x86_64 | 0.2.1 | 42.00 | NOTE | |||
r-release-windows-x86_64 | 0.2.1 | 8.00 | 64.00 | 72.00 | NOTE | |
r-oldrel-macos-arm64 | 0.2.1 | 25.00 | NOTE | |||
r-oldrel-macos-x86_64 | 0.2.1 | 43.00 | NOTE | |||
r-oldrel-windows-x86_64 | 0.2.1 | 8.00 | 70.00 | 78.00 | NOTE |
Version: 0.2.1
Check: LazyData
Result: NOTE
'LazyData' is specified without a 'data' directory
Flavors: r-devel-linux-x86_64-debian-clang, r-devel-linux-x86_64-debian-gcc, r-devel-linux-x86_64-fedora-clang, r-devel-linux-x86_64-fedora-gcc, r-devel-windows-x86_64, r-patched-linux-x86_64, r-release-linux-x86_64, r-release-macos-arm64, r-release-macos-x86_64, r-release-windows-x86_64, r-oldrel-macos-arm64, r-oldrel-macos-x86_64, r-oldrel-windows-x86_64