CRAN Package Check Results for Package ggdmc

Last updated on 2021-05-06 22:55:21 CEST.

Flavor Version Tinstall Tcheck Ttotal Status Flags
r-devel-linux-x86_64-debian-clang 0.2.6.0 138.01 74.95 212.96 NOTE
r-devel-linux-x86_64-debian-gcc 0.2.6.0 97.98 54.68 152.66 NOTE
r-devel-linux-x86_64-fedora-clang 0.2.6.0 298.39 NOTE
r-devel-linux-x86_64-fedora-gcc 0.2.6.0 280.13 NOTE
r-devel-windows-ix86+x86_64 0.2.6.0 249.00 127.00 376.00 NOTE
r-devel-windows-x86_64-gcc10-UCRT 0.2.6.0 NOTE
r-patched-linux-x86_64 0.2.6.0 115.06 70.44 185.50 NOTE
r-patched-solaris-x86 0.2.6.0 245.10 OK
r-release-linux-x86_64 0.2.6.0 110.86 67.37 178.23 OK
r-release-macos-x86_64 0.2.6.0 NOTE
r-release-windows-ix86+x86_64 0.2.6.0 233.00 101.00 334.00 OK
r-oldrel-macos-x86_64 0.2.6.0 NOTE
r-oldrel-windows-ix86+x86_64 0.2.6.0 280.00 118.00 398.00 OK

Check Details

Version: 0.2.6.0
Check: LazyData
Result: NOTE
     'LazyData' is specified without a 'data' directory
Flavors: r-devel-linux-x86_64-debian-clang, r-devel-linux-x86_64-debian-gcc, r-devel-linux-x86_64-fedora-clang, r-devel-linux-x86_64-fedora-gcc, r-devel-windows-ix86+x86_64, r-devel-windows-x86_64-gcc10-UCRT, r-patched-linux-x86_64

Version: 0.2.6.0
Check: installed package size
Result: NOTE
     installed size is 5.5Mb
     sub-directories of 1Mb or more:
     libs 5.1Mb
Flavors: r-devel-linux-x86_64-fedora-clang, r-release-macos-x86_64, r-oldrel-macos-x86_64