Last updated on 2024-03-27 22:57:46 CET.
Flavor | Version | Tinstall | Tcheck | Ttotal | Status | Flags |
---|---|---|---|---|---|---|
r-devel-linux-x86_64-debian-clang | 1.0.0 | 4.88 | 67.59 | 72.47 | NOTE | |
r-devel-linux-x86_64-debian-gcc | 1.0.0 | 5.10 | 50.92 | 56.02 | NOTE | |
r-devel-linux-x86_64-fedora-clang | 1.0.0 | 86.37 | NOTE | |||
r-devel-linux-x86_64-fedora-gcc | 1.0.0 | 98.88 | NOTE | |||
r-devel-windows-x86_64 | 1.0.0 | 7.00 | 68.00 | 75.00 | NOTE | |
r-patched-linux-x86_64 | 1.0.0 | 6.35 | 63.39 | 69.74 | NOTE | |
r-release-linux-x86_64 | 1.0.0 | 5.16 | 63.46 | 68.62 | NOTE | |
r-release-macos-arm64 | 1.0.0 | 37.00 | NOTE | |||
r-release-macos-x86_64 | 1.0.0 | 58.00 | NOTE | |||
r-release-windows-x86_64 | 1.0.0 | 8.00 | 73.00 | 81.00 | NOTE | |
r-oldrel-macos-arm64 | 1.0.0 | 35.00 | NOTE | |||
r-oldrel-windows-x86_64 | 1.0.0 | 7.00 | 82.00 | 89.00 | NOTE |
Version: 1.0.0
Check: LazyData
Result: NOTE
'LazyData' is specified without a 'data' directory
Flavors: r-devel-linux-x86_64-debian-clang, r-devel-linux-x86_64-debian-gcc, r-devel-linux-x86_64-fedora-clang, r-devel-linux-x86_64-fedora-gcc, r-devel-windows-x86_64, r-patched-linux-x86_64, r-release-linux-x86_64, r-release-macos-arm64, r-release-macos-x86_64, r-release-windows-x86_64, r-oldrel-macos-arm64, r-oldrel-windows-x86_64