Last updated on 2022-08-11 23:00:01 CEST.
Flavor | Version | Tinstall | Tcheck | Ttotal | Status | Flags |
---|---|---|---|---|---|---|
r-devel-linux-x86_64-debian-clang | 0.10.1 | 22.27 | 307.35 | 329.62 | OK | |
r-devel-linux-x86_64-debian-gcc | 0.10.1 | 18.61 | 215.85 | 234.46 | OK | |
r-devel-linux-x86_64-fedora-clang | 0.10.1 | 371.69 | NOTE | |||
r-devel-linux-x86_64-fedora-gcc | 0.10.1 | 370.63 | OK | |||
r-devel-windows-x86_64 | 0.10.1 | 137.00 | 335.00 | 472.00 | OK | |
r-patched-linux-x86_64 | 0.10.1 | 31.54 | 275.61 | 307.15 | OK | |
r-release-linux-x86_64 | 0.10.1 | 19.14 | 269.24 | 288.38 | OK | |
r-release-macos-arm64 | 0.10.1 | 100.00 | OK | |||
r-release-macos-x86_64 | 0.10.1 | 157.00 | OK | |||
r-release-windows-x86_64 | 0.10.1 | 734.00 | 325.00 | 1059.00 | OK | |
r-oldrel-macos-arm64 | 0.10.1 | 113.00 | OK | |||
r-oldrel-macos-x86_64 | 0.10.1 | 229.00 | OK | |||
r-oldrel-windows-ix86+x86_64 | 0.10.1 | 43.00 | 306.00 | 349.00 | OK |
Version: 0.10.1
Check: Rd cross-references
Result: NOTE
Undeclared package ‘quantreg’ in Rd xrefs
Flavor: r-devel-linux-x86_64-fedora-clang