CRAN Package Check Results for Package ggimage

Last updated on 2019-11-18 22:47:12 CET.

Flavor Version Tinstall Tcheck Ttotal Status Flags
r-devel-linux-x86_64-debian-clang 0.2.4 4.17 55.97 60.14 OK
r-devel-linux-x86_64-debian-gcc 0.2.4 3.65 45.87 49.52 OK
r-devel-linux-x86_64-fedora-clang 0.2.4 73.54 OK
r-devel-linux-x86_64-fedora-gcc 0.2.4 70.71 OK
r-devel-windows-ix86+x86_64 0.2.4 29.00 103.00 132.00 OK
r-patched-linux-x86_64 0.2.4 3.42 52.92 56.34 OK
r-patched-solaris-x86 0.2.4 112.40 WARN
r-release-linux-x86_64 0.2.4 4.13 52.30 56.43 OK
r-release-windows-ix86+x86_64 0.2.4 12.00 115.00 127.00 OK
r-release-osx-x86_64 0.2.4 OK
r-oldrel-windows-ix86+x86_64 0.2.4 8.00 68.00 76.00 OK
r-oldrel-osx-x86_64 0.2.4 OK

Check Details

Version: 0.2.4
Check: package dependencies
Result: NOTE
    Package suggested but not available for checking: ‘rsvg’
Flavor: r-patched-solaris-x86

Version: 0.2.4
Check: re-building of vignette outputs
Result: WARN
    Error(s) in re-building vignettes:
     ...
    --- re-building ‘ggimage.Rmd’ using rmarkdown
    Warning in engine$weave(file, quiet = quiet, encoding = enc) :
     Pandoc (>= 1.12.3) and/or pandoc-citeproc not available. Falling back to R Markdown v1.
    Quitting from lines 101-103 (ggimage.Rmd)
    Error: processing vignette 'ggimage.Rmd' failed with diagnostics:
    there is no package called 'rsvg'
    --- failed re-building ‘ggimage.Rmd’
    
    SUMMARY: processing the following file failed:
     ‘ggimage.Rmd’
    
    Error: Vignette re-building failed.
    Execution halted
Flavor: r-patched-solaris-x86