CRAN Package Check Results for Package ggimage

Last updated on 2020-06-02 22:48:49 CEST.

Flavor Version Tinstall Tcheck Ttotal Status Flags
r-devel-linux-x86_64-debian-clang 0.2.8 5.49 44.42 49.91 OK
r-devel-linux-x86_64-debian-gcc 0.2.8 4.20 35.16 39.36 OK
r-devel-linux-x86_64-fedora-clang 0.2.8 72.61 OK
r-devel-linux-x86_64-fedora-gcc 0.2.8 58.47 OK
r-devel-windows-ix86+x86_64 0.2.8 19.00 88.00 107.00 OK
r-patched-linux-x86_64 0.2.8 5.56 43.16 48.72 OK
r-patched-solaris-x86 0.2.8 93.20 NOTE
r-release-linux-x86_64 0.2.8 4.23 43.58 47.81 OK
r-release-osx-x86_64 0.2.8 NOTE
r-release-windows-ix86+x86_64 0.2.8 17.00 54.00 71.00 OK
r-oldrel-osx-x86_64 0.2.8 OK
r-oldrel-windows-ix86+x86_64 0.2.8 11.00 59.00 70.00 OK

Check Details

Version: 0.2.8
Check: package dependencies
Result: NOTE
    Package suggested but not available for checking: ‘rsvg’
Flavor: r-patched-solaris-x86

Version: 0.2.8
Check: package dependencies
Result: NOTE
    Package suggested but not available for checking: ‘ggtree’
Flavor: r-release-osx-x86_64