CRAN Package Check Results for Package gglm

Last updated on 2021-11-29 22:59:12 CET.

Flavor Version Tinstall Tcheck Ttotal Status Flags
r-devel-linux-x86_64-debian-clang 0.1.0 1.92 28.84 30.76 NOTE
r-devel-linux-x86_64-debian-gcc 0.1.0 1.55 22.59 24.14 NOTE
r-devel-linux-x86_64-fedora-clang 0.1.0 48.33 NOTE
r-devel-linux-x86_64-fedora-gcc 0.1.0 37.34 NOTE
r-devel-windows-x86_64-new-UL 0.1.0 6.00 66.00 72.00 NOTE
r-devel-windows-x86_64-new-TK 0.1.0 NOTE
r-devel-windows-x86_64-old 0.1.0 5.00 38.00 43.00 NOTE
r-patched-linux-x86_64 0.1.0 2.05 26.60 28.65 NOTE
r-patched-solaris-x86 0.1.0 54.40 NOTE
r-release-linux-x86_64 0.1.0 2.05 26.70 28.75 NOTE
r-release-macos-arm64 0.1.0 NOTE
r-release-macos-x86_64 0.1.0 NOTE
r-release-windows-ix86+x86_64 0.1.0 6.00 39.00 45.00 NOTE
r-oldrel-macos-x86_64 0.1.0 OK
r-oldrel-windows-ix86+x86_64 0.1.0 4.00 35.00 39.00 OK

Check Details

Version: 0.1.0
Check: LazyData
Result: NOTE
     'LazyData' is specified without a 'data' directory
Flavors: r-devel-linux-x86_64-debian-clang, r-devel-linux-x86_64-debian-gcc, r-devel-linux-x86_64-fedora-clang, r-devel-linux-x86_64-fedora-gcc, r-devel-windows-x86_64-new-UL, r-devel-windows-x86_64-new-TK, r-devel-windows-x86_64-old, r-patched-linux-x86_64, r-patched-solaris-x86, r-release-linux-x86_64, r-release-macos-arm64, r-release-macos-x86_64, r-release-windows-ix86+x86_64