CRAN Package Check Results for Package ggloop

Last updated on 2019-09-17 22:48:08 CEST.

Flavor Version Tinstall Tcheck Ttotal Status Flags
r-devel-linux-x86_64-debian-clang 0.1.0 2.73 32.83 35.56 NOTE
r-devel-linux-x86_64-debian-gcc 0.1.0 2.33 26.04 28.37 NOTE
r-devel-linux-x86_64-fedora-clang 0.1.0 43.15 OK
r-devel-linux-x86_64-fedora-gcc 0.1.0 42.41 OK
r-devel-windows-ix86+x86_64 0.1.0 17.00 46.00 63.00 NOTE
r-patched-linux-x86_64 0.1.0 2.25 31.98 34.23 OK
r-patched-solaris-x86 0.1.0 59.50 OK
r-release-linux-x86_64 0.1.0 2.28 32.72 35.00 OK
r-release-windows-ix86+x86_64 0.1.0 7.00 80.00 87.00 OK
r-release-osx-x86_64 0.1.0 OK
r-oldrel-windows-ix86+x86_64 0.1.0 7.00 43.00 50.00 OK
r-oldrel-osx-x86_64 0.1.0 OK

Check Details

Version: 0.1.0
Check: package vignettes
Result: NOTE
    Package vignette with placeholder title 'Vignette Title':
     'intro.Rmd'
Flavors: r-devel-linux-x86_64-debian-clang, r-devel-linux-x86_64-debian-gcc, r-devel-windows-ix86+x86_64