CRAN Package Check Results for Package ggloop

Last updated on 2020-02-24 22:50:24 CET.

Flavor Version Tinstall Tcheck Ttotal Status Flags
r-devel-linux-x86_64-debian-clang 0.1.0 2.61 37.60 40.21 NOTE
r-devel-linux-x86_64-debian-gcc 0.1.0 2.49 29.05 31.54 NOTE
r-devel-linux-x86_64-fedora-clang 0.1.0 49.08 OK
r-devel-linux-x86_64-fedora-gcc 0.1.0 47.80 OK
r-devel-windows-ix86+x86_64 0.1.0 9.00 49.00 58.00 NOTE
r-devel-windows-ix86+x86_64-gcc8 0.1.0 13.00 70.00 83.00 NOTE
r-patched-linux-x86_64 0.1.0 2.60 33.64 36.24 OK
r-patched-solaris-x86 0.1.0 61.70 OK
r-release-linux-x86_64 0.1.0 2.50 33.05 35.55 OK
r-release-windows-ix86+x86_64 0.1.0 6.00 45.00 51.00 OK
r-release-osx-x86_64 0.1.0 OK
r-oldrel-windows-ix86+x86_64 0.1.0 6.00 50.00 56.00 OK
r-oldrel-osx-x86_64 0.1.0 OK

Check Details

Version: 0.1.0
Check: package vignettes
Result: NOTE
    Package vignette with placeholder title 'Vignette Title':
     'intro.Rmd'
Flavors: r-devel-linux-x86_64-debian-clang, r-devel-linux-x86_64-debian-gcc, r-devel-windows-ix86+x86_64, r-devel-windows-ix86+x86_64-gcc8