Last updated on 2024-04-19 22:55:47 CEST.
Flavor | Version | Tinstall | Tcheck | Ttotal | Status | Flags |
---|---|---|---|---|---|---|
r-devel-linux-x86_64-debian-clang | 0.5.13 | 5.37 | 99.28 | 104.65 | OK | |
r-devel-linux-x86_64-debian-gcc | 0.5.13 | OK | ||||
r-devel-linux-x86_64-fedora-clang | 0.5.13 | 138.02 | NOTE | |||
r-devel-linux-x86_64-fedora-gcc | 0.5.13 | 145.76 | NOTE | |||
r-prerel-macos-arm64 | 0.5.13 | 40.00 | OK | |||
r-prerel-macos-x86_64 | 0.5.13 | 93.00 | OK | |||
r-prerel-windows-x86_64 | 0.5.13 | 7.00 | 83.00 | 90.00 | OK | |
r-patched-linux-x86_64 | 0.5.13 | 11.94 | 97.14 | 109.08 | OK | |
r-release-linux-x86_64 | 0.5.13 | 5.26 | 94.51 | 99.77 | OK | |
r-release-macos-arm64 | 0.5.13 | 43.00 | OK | |||
r-release-macos-x86_64 | 0.5.13 | 71.00 | OK | |||
r-release-windows-x86_64 | 0.5.13 | 9.00 | 94.00 | 103.00 | OK | |
r-oldrel-macos-arm64 | 0.5.13 | 45.00 | OK | |||
r-oldrel-windows-x86_64 | 0.5.13 | 10.00 | 96.00 | 106.00 | OK |
Version: 0.5.13
Check: dependencies in R code
Result: NOTE
Namespaces in Imports field not imported from:
‘sna’ ‘utils’
All declared Imports should be used.
Flavors: r-devel-linux-x86_64-fedora-clang, r-devel-linux-x86_64-fedora-gcc