CRAN Package Check Results for Package ggnormalviolin

Last updated on 2019-09-17 22:48:08 CEST.

Flavor Version Tinstall Tcheck Ttotal Status Flags
r-devel-linux-x86_64-debian-clang 0.1.2 3.29 24.47 27.76 OK
r-devel-linux-x86_64-debian-gcc 0.1.2 3.08 19.46 22.54 OK
r-devel-linux-x86_64-fedora-clang 0.1.2 34.78 NOTE
r-devel-linux-x86_64-fedora-gcc 0.1.2 33.67 NOTE
r-devel-windows-ix86+x86_64 0.1.2 22.00 40.00 62.00 OK
r-patched-linux-x86_64 0.1.2 2.89 23.57 26.46 OK
r-patched-solaris-x86 0.1.2 51.30 NOTE
r-release-linux-x86_64 0.1.2 2.74 23.29 26.03 OK
r-release-windows-ix86+x86_64 0.1.2 10.00 73.00 83.00 OK
r-release-osx-x86_64 0.1.2 NOTE
r-oldrel-windows-ix86+x86_64 0.1.2 8.00 36.00 44.00 OK
r-oldrel-osx-x86_64 0.1.2 NOTE

Check Details

Version: 0.1.2
Check: dependencies in R code
Result: NOTE
    Namespaces in Imports field not imported from:
     ‘dplyr’ ‘grid’ ‘scales’
     All declared Imports should be used.
Flavors: r-devel-linux-x86_64-fedora-clang, r-devel-linux-x86_64-fedora-gcc, r-patched-solaris-x86, r-release-osx-x86_64, r-oldrel-osx-x86_64