CRAN Package Check Results for Package ggplotAssist

Last updated on 2023-12-03 22:57:08 CET.

Flavor Version Tinstall Tcheck Ttotal Status Flags
r-devel-linux-x86_64-debian-clang 0.1.3 9.85 74.78 84.63 NOTE
r-devel-linux-x86_64-debian-gcc 0.1.3 8.09 56.02 64.11 NOTE
r-devel-linux-x86_64-fedora-clang 0.1.3 107.81 NOTE
r-devel-linux-x86_64-fedora-gcc 0.1.3 116.72 NOTE
r-devel-windows-x86_64 0.1.3 11.00 74.00 85.00 NOTE
r-patched-linux-x86_64 0.1.3 7.75 70.40 78.15 NOTE
r-release-linux-x86_64 0.1.3 6.60 70.62 77.22 NOTE
r-release-macos-arm64 0.1.3 42.00 NOTE
r-release-macos-x86_64 0.1.3 75.00 NOTE
r-release-windows-x86_64 0.1.3 12.00 84.00 96.00 NOTE
r-oldrel-macos-arm64 0.1.3 36.00 NOTE
r-oldrel-macos-x86_64 0.1.3 64.00 NOTE
r-oldrel-windows-x86_64 0.1.3 14.00 93.00 107.00 NOTE

Check Details

Version: 0.1.3
Check: LazyData
Result: NOTE 'LazyData' is specified without a 'data' directory Flavors: r-devel-linux-x86_64-debian-clang, r-devel-linux-x86_64-debian-gcc, r-devel-linux-x86_64-fedora-clang, r-devel-linux-x86_64-fedora-gcc, r-devel-windows-x86_64, r-patched-linux-x86_64, r-release-linux-x86_64, r-release-macos-arm64, r-release-macos-x86_64, r-release-windows-x86_64, r-oldrel-macos-arm64, r-oldrel-macos-x86_64, r-oldrel-windows-x86_64

Version: 0.1.3
Check: dependencies in R code
Result: NOTE Namespaces in Imports field not imported from: ‘gcookbook’ ‘ggthemes’ ‘moonBook’ ‘tidyverse’ All declared Imports should be used. Flavors: r-devel-linux-x86_64-fedora-clang, r-devel-linux-x86_64-fedora-gcc, r-oldrel-macos-arm64, r-oldrel-macos-x86_64