CRAN Package Check Results for Package ggplotAssist

Last updated on 2019-09-21 22:48:58 CEST.

Flavor Version Tinstall Tcheck Ttotal Status Flags
r-devel-linux-x86_64-debian-clang 0.1.3 6.59 48.12 54.71 OK
r-devel-linux-x86_64-debian-gcc 0.1.3 6.19 37.97 44.16 OK
r-devel-linux-x86_64-fedora-clang 0.1.3 67.59 NOTE
r-devel-linux-x86_64-fedora-gcc 0.1.3 64.02 NOTE
r-devel-windows-ix86+x86_64 0.1.3 40.00 67.00 107.00 OK
r-patched-linux-x86_64 0.1.3 6.30 46.44 52.74 OK
r-patched-solaris-x86 0.1.3 104.00 NOTE
r-release-linux-x86_64 0.1.3 6.29 46.48 52.77 OK
r-release-windows-ix86+x86_64 0.1.3 14.00 66.00 80.00 OK
r-release-osx-x86_64 0.1.3 NOTE
r-oldrel-windows-ix86+x86_64 0.1.3 10.00 63.00 73.00 OK
r-oldrel-osx-x86_64 0.1.3 NOTE

Check Details

Version: 0.1.3
Check: dependencies in R code
Result: NOTE
    Namespaces in Imports field not imported from:
     ‘gcookbook’ ‘ggthemes’ ‘moonBook’ ‘tidyverse’
     All declared Imports should be used.
Flavors: r-devel-linux-x86_64-fedora-clang, r-devel-linux-x86_64-fedora-gcc, r-patched-solaris-x86, r-release-osx-x86_64, r-oldrel-osx-x86_64