CRAN Package Check Results for Package ggplotify

Last updated on 2021-05-14 23:50:47 CEST.

Flavor Version Tinstall Tcheck Ttotal Status Flags
r-devel-linux-x86_64-debian-clang 0.0.7 4.43 55.35 59.78 OK
r-devel-linux-x86_64-debian-gcc 0.0.7 3.18 41.96 45.14 OK
r-devel-linux-x86_64-fedora-clang 0.0.7 77.60 OK
r-devel-linux-x86_64-fedora-gcc 0.0.7 71.44 OK
r-devel-windows-ix86+x86_64 0.0.7 13.00 77.00 90.00 OK
r-devel-windows-x86_64-gcc10-UCRT 0.0.7 OK
r-patched-linux-x86_64 0.0.7 3.86 51.36 55.22 OK
r-patched-solaris-x86 0.0.7 100.50 OK
r-release-linux-x86_64 0.0.7 4.38 50.89 55.27 OK
r-release-macos-x86_64 0.0.7 OK
r-release-windows-ix86+x86_64 0.0.6 12.00 84.00 96.00 OK
r-oldrel-macos-x86_64 0.0.7 NOTE
r-oldrel-windows-ix86+x86_64 0.0.7 11.00 55.00 66.00 OK

Check Details

Version: 0.0.7
Check: package dependencies
Result: NOTE
    Package suggested but not available for checking: ‘aplot’
Flavor: r-oldrel-macos-x86_64