CRAN Package Check Results for Package ggplotlyExtra

Last updated on 2023-09-23 23:00:47 CEST.

Flavor Version Tinstall Tcheck Ttotal Status Flags
r-devel-linux-x86_64-debian-clang 0.0.1 6.62 52.26 58.88 NOTE
r-devel-linux-x86_64-debian-gcc 0.0.1 5.34 39.12 44.46 NOTE
r-devel-linux-x86_64-fedora-clang 0.0.1 72.31 NOTE
r-devel-linux-x86_64-fedora-gcc 0.0.1 68.68 NOTE
r-devel-windows-x86_64 0.0.1 7.00 58.00 65.00 NOTE
r-patched-linux-x86_64 0.0.1 13.30 48.58 61.88 NOTE
r-release-linux-x86_64 0.0.1 6.00 48.96 54.96 NOTE
r-release-macos-arm64 0.0.1 25.00 NOTE
r-release-macos-x86_64 0.0.1 36.00 NOTE
r-release-windows-x86_64 0.0.1 9.00 65.00 74.00 NOTE
r-oldrel-macos-arm64 0.0.1 26.00 NOTE
r-oldrel-macos-x86_64 0.0.1 42.00 NOTE
r-oldrel-windows-x86_64 0.0.1 8.00 68.00 76.00 NOTE

Check Details

Version: 0.0.1
Check: LazyData
Result: NOTE
     'LazyData' is specified without a 'data' directory
Flavors: r-devel-linux-x86_64-debian-clang, r-devel-linux-x86_64-debian-gcc, r-devel-linux-x86_64-fedora-clang, r-devel-linux-x86_64-fedora-gcc, r-devel-windows-x86_64, r-patched-linux-x86_64, r-release-linux-x86_64, r-release-macos-arm64, r-release-macos-x86_64, r-release-windows-x86_64, r-oldrel-macos-arm64, r-oldrel-macos-x86_64, r-oldrel-windows-x86_64