CRAN Package Check Results for Package ggpointdensity

Last updated on 2024-03-01 22:53:38 CET.

Flavor Version Tinstall Tcheck Ttotal Status Flags
r-devel-linux-x86_64-debian-clang 0.1.0 4.72 51.55 56.27 NOTE
r-devel-linux-x86_64-debian-gcc 0.1.0 4.20 40.07 44.27 NOTE
r-devel-linux-x86_64-fedora-clang 0.1.0 70.68 NOTE
r-devel-linux-x86_64-fedora-gcc 0.1.0 68.70 NOTE
r-devel-windows-x86_64 0.1.0 8.00 60.00 68.00 NOTE
r-patched-linux-x86_64 0.1.0 9.80 50.13 59.93 NOTE
r-release-linux-x86_64 0.1.0 5.98 51.39 57.37 NOTE
r-release-macos-arm64 0.1.0 30.00 NOTE
r-release-macos-x86_64 0.1.0 41.00 NOTE
r-release-windows-x86_64 0.1.0 10.00 67.00 77.00 NOTE
r-oldrel-macos-arm64 0.1.0 28.00 NOTE
r-oldrel-windows-x86_64 0.1.0 10.00 72.00 82.00 NOTE

Check Details

Version: 0.1.0
Check: LazyData
Result: NOTE 'LazyData' is specified without a 'data' directory Flavors: r-devel-linux-x86_64-debian-clang, r-devel-linux-x86_64-debian-gcc, r-devel-linux-x86_64-fedora-clang, r-devel-linux-x86_64-fedora-gcc, r-devel-windows-x86_64, r-patched-linux-x86_64, r-release-linux-x86_64, r-release-macos-arm64, r-release-macos-x86_64, r-release-windows-x86_64, r-oldrel-macos-arm64, r-oldrel-windows-x86_64