CRAN Package Check Results for Package ggpol

Last updated on 2021-12-01 22:53:12 CET.

Flavor Version Tinstall Tcheck Ttotal Status Flags
r-devel-linux-x86_64-debian-clang 0.0.7 8.79 57.98 66.77 NOTE
r-devel-linux-x86_64-debian-gcc 0.0.7 6.60 43.26 49.86 NOTE
r-devel-linux-x86_64-fedora-clang 0.0.7 92.91 NOTE
r-devel-linux-x86_64-fedora-gcc 0.0.7 77.52 NOTE
r-devel-windows-x86_64-new-UL 0.0.7 18.00 92.00 110.00 NOTE
r-devel-windows-x86_64-new-TK 0.0.7 NOTE
r-devel-windows-x86_64-old 0.0.7 15.00 62.00 77.00 NOTE
r-patched-linux-x86_64 0.0.7 9.19 53.41 62.60 NOTE
r-patched-solaris-x86 0.0.7 106.60 NOTE
r-release-linux-x86_64 0.0.7 8.24 53.16 61.40 NOTE
r-release-macos-arm64 0.0.7 NOTE
r-release-macos-x86_64 0.0.7 NOTE
r-release-windows-ix86+x86_64 0.0.7 20.00 77.00 97.00 NOTE
r-oldrel-macos-x86_64 0.0.7 NOTE
r-oldrel-windows-ix86+x86_64 0.0.7 20.00 76.00 96.00 OK

Check Details

Version: 0.0.7
Check: LazyData
Result: NOTE
     'LazyData' is specified without a 'data' directory
Flavors: r-devel-linux-x86_64-debian-clang, r-devel-linux-x86_64-debian-gcc, r-devel-linux-x86_64-fedora-clang, r-devel-linux-x86_64-fedora-gcc, r-devel-windows-x86_64-new-UL, r-devel-windows-x86_64-new-TK, r-devel-windows-x86_64-old, r-patched-linux-x86_64, r-patched-solaris-x86, r-release-linux-x86_64, r-release-macos-arm64, r-release-macos-x86_64, r-release-windows-ix86+x86_64

Version: 0.0.7
Check: dependencies in R code
Result: NOTE
    Namespaces in Imports field not imported from:
     ‘dplyr’ ‘grDevices’
     All declared Imports should be used.
Flavors: r-devel-linux-x86_64-fedora-clang, r-devel-linux-x86_64-fedora-gcc, r-devel-windows-x86_64-new-TK, r-patched-solaris-x86, r-release-macos-arm64, r-release-macos-x86_64, r-oldrel-macos-x86_64