CRAN Package Check Results for Package ggprism

Last updated on 2024-06-13 22:49:29 CEST.

Flavor Version Tinstall Tcheck Ttotal Status Flags
r-devel-linux-x86_64-debian-clang 1.0.5 9.46 236.02 245.48 OK
r-devel-linux-x86_64-debian-gcc 1.0.5 0.72 1.86 2.58 ERROR
r-devel-linux-x86_64-fedora-clang 1.0.5 317.02 OK
r-devel-linux-x86_64-fedora-gcc 1.0.5 305.68 OK
r-devel-windows-x86_64 1.0.5 8.00 164.00 172.00 OK
r-patched-linux-x86_64 1.0.5 8.65 225.74 234.39 OK
r-release-linux-x86_64 1.0.5 6.66 230.77 237.43 OK
r-release-macos-arm64 1.0.5 82.00 OK
r-release-macos-x86_64 1.0.5 137.00 OK
r-release-windows-x86_64 1.0.5 9.00 164.00 173.00 OK
r-oldrel-macos-arm64 1.0.5 84.00 OK
r-oldrel-macos-x86_64 1.0.5 203.00 OK
r-oldrel-windows-x86_64 1.0.5 10.00 204.00 214.00 OK

Check Details

Version: 1.0.5
Check: package dependencies
Result: ERROR Packages required but not available: 'ggplot2', 'tibble' Packages suggested but not available for checking: 'dplyr', 'ggbeeswarm', 'ggnewscale', 'patchwork', 'rstatix', 'tidyr' See section ‘The DESCRIPTION file’ in the ‘Writing R Extensions’ manual. Flavor: r-devel-linux-x86_64-debian-gcc