CRAN Package Check Results for Package ggridges

Last updated on 2021-09-22 22:56:26 CEST.

Flavor Version Tinstall Tcheck Ttotal Status Flags
r-devel-linux-x86_64-debian-clang 0.5.3 7.99 108.50 116.49 OK
r-devel-linux-x86_64-debian-gcc 0.5.3 6.89 82.51 89.40 OK
r-devel-linux-x86_64-fedora-clang 0.5.3 142.76 NOTE
r-devel-linux-x86_64-fedora-gcc 0.5.3 132.24 NOTE
r-devel-windows-x86_64 0.5.3 10.00 98.00 108.00 OK
r-devel-windows-x86_64-gcc10-UCRT 0.5.3 ERROR
r-patched-linux-x86_64 0.5.3 14.66 100.95 115.61 OK
r-patched-solaris-x86 0.5.3 183.00 NOTE
r-release-linux-x86_64 0.5.3 8.41 100.21 108.62 OK
r-release-macos-arm64 0.5.3 NOTE
r-release-macos-x86_64 0.5.3 NOTE
r-release-windows-ix86+x86_64 0.5.3 20.00 96.00 116.00 OK
r-oldrel-macos-x86_64 0.5.3 NOTE
r-oldrel-windows-ix86+x86_64 0.5.3 13.00 113.00 126.00 OK

Check Details

Version: 0.5.3
Check: data for non-ASCII characters
Result: NOTE
     Note: found 6242 marked UTF-8 strings
Flavors: r-devel-linux-x86_64-fedora-clang, r-devel-linux-x86_64-fedora-gcc, r-devel-windows-x86_64-gcc10-UCRT, r-patched-solaris-x86, r-release-macos-arm64, r-release-macos-x86_64, r-oldrel-macos-x86_64

Version: 0.5.3
Check: package dependencies
Result: NOTE
    Package suggested but not available for checking: 'vdiffr'
Flavor: r-devel-windows-x86_64-gcc10-UCRT

Version: 0.5.3
Check: PDF version of manual
Result: WARN
    LaTeX errors when creating PDF version.
    This typically indicates Rd problems.
Flavor: r-devel-windows-x86_64-gcc10-UCRT

Version: 0.5.3
Check: PDF version of manual without hyperrefs or index
Result: ERROR
    Re-running with no redirection of stdout/stderr.
Flavor: r-devel-windows-x86_64-gcc10-UCRT