Last updated on 2023-12-04 22:57:40 CET.
Flavor | Version | Tinstall | Tcheck | Ttotal | Status | Flags |
---|---|---|---|---|---|---|
r-devel-linux-x86_64-debian-clang | 3.0.0 | 6.42 | 142.69 | 149.11 | NOTE | |
r-devel-linux-x86_64-debian-gcc | 3.0.0 | 5.37 | 105.73 | 111.10 | NOTE | |
r-devel-linux-x86_64-fedora-clang | 3.0.0 | 180.10 | OK | |||
r-devel-linux-x86_64-fedora-gcc | 3.0.0 | 191.38 | OK | |||
r-devel-windows-x86_64 | 3.0.0 | 8.00 | 129.00 | 137.00 | OK | |
r-patched-linux-x86_64 | 3.0.0 | 7.83 | 134.83 | 142.66 | OK | |
r-release-linux-x86_64 | 3.0.0 | 6.88 | 135.05 | 141.93 | OK | |
r-release-macos-arm64 | 3.0.0 | 65.00 | OK | |||
r-release-macos-x86_64 | 3.0.0 | 104.00 | OK | |||
r-release-windows-x86_64 | 3.0.0 | 10.00 | 163.00 | 173.00 | OK | |
r-oldrel-macos-arm64 | 3.0.0 | 54.00 | OK | |||
r-oldrel-macos-x86_64 | 3.0.0 | 70.00 | OK | |||
r-oldrel-windows-x86_64 | 3.0.0 | 9.00 | 156.00 | 165.00 | OK |
Version: 3.0.0
Check: Rd files
Result: NOTE
checkRd: (-1) pal_igv.Rd:28: Lost braces
28 | James T. Robinson, Helga Thorvaldsd\'{o}ttir, Wendy Winckler,
| ^
Flavors: r-devel-linux-x86_64-debian-clang, r-devel-linux-x86_64-debian-gcc