Last updated on 2024-03-28 23:01:45 CET.
Flavor | Version | Tinstall | Tcheck | Ttotal | Status | Flags |
---|---|---|---|---|---|---|
r-devel-linux-x86_64-debian-clang | 1.6.5 | 11.30 | 170.65 | 181.95 | NOTE | |
r-devel-linux-x86_64-debian-gcc | 1.6.5 | 7.11 | 125.46 | 132.57 | NOTE | |
r-devel-linux-x86_64-fedora-clang | 1.6.5 | 223.44 | NOTE | |||
r-devel-linux-x86_64-fedora-gcc | 1.6.5 | 219.35 | NOTE | |||
r-devel-windows-x86_64 | 1.6.5 | 12.00 | 133.00 | 145.00 | NOTE | |
r-patched-linux-x86_64 | 1.6.5 | 6.72 | 161.66 | 168.38 | NOTE | |
r-release-linux-x86_64 | 1.6.5 | 6.51 | 159.96 | 166.47 | NOTE | |
r-release-macos-arm64 | 1.6.5 | 76.00 | NOTE | |||
r-release-macos-x86_64 | 1.6.5 | 128.00 | NOTE | |||
r-release-windows-x86_64 | 1.6.5 | 13.00 | 166.00 | 179.00 | NOTE | |
r-oldrel-macos-arm64 | 1.6.5 | 83.00 | OK | |||
r-oldrel-windows-x86_64 | 1.6.5 | 14.00 | 170.00 | 184.00 | OK |
Version: 1.6.5
Check: package subdirectories
Result: NOTE
Problems with news in ‘NEWS.md’:
Cannot extract version info from the following section titles:
* Changes all data options to .data to decrease possibility of column naming overlap
Flavors: r-devel-linux-x86_64-debian-clang, r-devel-linux-x86_64-debian-gcc, r-devel-linux-x86_64-fedora-clang, r-devel-linux-x86_64-fedora-gcc, r-devel-windows-x86_64, r-patched-linux-x86_64, r-release-linux-x86_64, r-release-macos-arm64, r-release-macos-x86_64, r-release-windows-x86_64