Last updated on 2024-04-18 22:52:42 CEST.
Flavor | Version | Tinstall | Tcheck | Ttotal | Status | Flags |
---|---|---|---|---|---|---|
r-devel-linux-x86_64-debian-clang | 0.0.5 | 6.96 | 68.38 | 75.34 | OK | |
r-devel-linux-x86_64-debian-gcc | 0.0.5 | 4.65 | 51.03 | 55.68 | OK | |
r-devel-linux-x86_64-fedora-clang | 0.0.5 | 94.62 | NOTE | |||
r-devel-linux-x86_64-fedora-gcc | 0.0.5 | 102.86 | OK | |||
r-prerel-macos-arm64 | 0.0.5 | 34.00 | OK | |||
r-prerel-windows-x86_64 | 0.0.5 | 8.00 | 69.00 | 77.00 | OK | |
r-patched-linux-x86_64 | 0.0.5 | 7.21 | 64.61 | 71.82 | OK | |
r-release-linux-x86_64 | 0.0.5 | 5.11 | 65.07 | 70.18 | OK | |
r-release-macos-arm64 | 0.0.5 | 37.00 | OK | |||
r-release-macos-x86_64 | 0.0.5 | 55.00 | OK | |||
r-release-windows-x86_64 | 0.0.5 | 9.00 | 78.00 | 87.00 | OK | |
r-oldrel-macos-arm64 | 0.0.5 | 31.00 | OK | |||
r-oldrel-windows-x86_64 | 0.0.5 | 10.00 | 81.00 | 91.00 | OK |
Version: 0.0.5
Check: Rd cross-references
Result: NOTE
Undeclared package ‘RColorBrewer’ in Rd xrefs
Flavor: r-devel-linux-x86_64-fedora-clang