Last updated on 2023-03-21 22:56:08 CET.
Flavor | Version | Tinstall | Tcheck | Ttotal | Status | Flags |
---|---|---|---|---|---|---|
r-devel-linux-x86_64-debian-clang | 0.4.0 | 7.44 | 55.05 | 62.49 | NOTE | |
r-devel-linux-x86_64-debian-gcc | 0.4.0 | 5.38 | 41.43 | 46.81 | NOTE | |
r-devel-linux-x86_64-fedora-clang | 0.4.0 | 77.93 | NOTE | |||
r-devel-linux-x86_64-fedora-gcc | 0.4.0 | 71.79 | NOTE | |||
r-patched-linux-x86_64 | 0.4.0 | 5.07 | 52.40 | 57.47 | NOTE | |
r-release-linux-x86_64 | 0.4.0 | 6.64 | 52.25 | 58.89 | NOTE | |
r-release-macos-arm64 | 0.4.0 | 25.00 | NOTE | |||
r-release-macos-x86_64 | 0.4.0 | 50.00 | NOTE | |||
r-release-windows-x86_64 | 0.4.0 | 14.00 | 84.00 | 98.00 | NOTE | |
r-oldrel-macos-arm64 | 0.4.0 | 27.00 | NOTE | |||
r-oldrel-macos-x86_64 | 0.4.0 | 52.00 | NOTE | |||
r-oldrel-windows-ix86+x86_64 | 0.4.0 | 15.00 | 79.00 | 94.00 | NOTE |
Version: 0.4.0
Check: LazyData
Result: NOTE
'LazyData' is specified without a 'data' directory
Flavors: r-devel-linux-x86_64-debian-clang, r-devel-linux-x86_64-debian-gcc, r-devel-linux-x86_64-fedora-clang, r-devel-linux-x86_64-fedora-gcc, r-patched-linux-x86_64, r-release-linux-x86_64, r-release-macos-arm64, r-release-macos-x86_64, r-release-windows-x86_64, r-oldrel-macos-arm64, r-oldrel-macos-x86_64, r-oldrel-windows-ix86+x86_64