Last updated on 2024-03-28 23:01:45 CET.
Flavor | Version | Tinstall | Tcheck | Ttotal | Status | Flags |
---|---|---|---|---|---|---|
r-devel-linux-x86_64-debian-clang | 0.4.0 | 7.20 | 53.20 | 60.40 | NOTE | |
r-devel-linux-x86_64-debian-gcc | 0.4.0 | 5.50 | 41.29 | 46.79 | NOTE | |
r-devel-linux-x86_64-fedora-clang | 0.4.0 | 78.35 | NOTE | |||
r-devel-linux-x86_64-fedora-gcc | 0.4.0 | 72.46 | NOTE | |||
r-devel-windows-x86_64 | 0.4.0 | 7.00 | 60.00 | 67.00 | NOTE | |
r-patched-linux-x86_64 | 0.4.0 | 3.97 | 52.08 | 56.05 | NOTE | |
r-release-linux-x86_64 | 0.4.0 | 4.30 | 53.00 | 57.30 | NOTE | |
r-release-macos-arm64 | 0.4.0 | 26.00 | NOTE | |||
r-release-macos-x86_64 | 0.4.0 | 38.00 | NOTE | |||
r-release-windows-x86_64 | 0.4.0 | 8.00 | 65.00 | 73.00 | NOTE | |
r-oldrel-macos-arm64 | 0.4.0 | 25.00 | NOTE | |||
r-oldrel-windows-x86_64 | 0.4.0 | 9.00 | 73.00 | 82.00 | NOTE |
Version: 0.4.0
Check: LazyData
Result: NOTE
'LazyData' is specified without a 'data' directory
Flavors: r-devel-linux-x86_64-debian-clang, r-devel-linux-x86_64-debian-gcc, r-devel-linux-x86_64-fedora-clang, r-devel-linux-x86_64-fedora-gcc, r-devel-windows-x86_64, r-patched-linux-x86_64, r-release-linux-x86_64, r-release-macos-arm64, r-release-macos-x86_64, r-release-windows-x86_64, r-oldrel-macos-arm64, r-oldrel-windows-x86_64