Last updated on 2023-09-26 23:04:14 CEST.
Flavor | Version | Tinstall | Tcheck | Ttotal | Status | Flags |
---|---|---|---|---|---|---|
r-devel-linux-x86_64-debian-clang | 0.1.0 | 4.74 | 39.59 | 44.33 | OK | |
r-devel-linux-x86_64-debian-gcc | 0.1.0 | 4.04 | 30.65 | 34.69 | OK | |
r-devel-linux-x86_64-fedora-clang | 0.1.0 | 54.97 | NOTE | |||
r-devel-linux-x86_64-fedora-gcc | 0.1.0 | 52.84 | NOTE | |||
r-devel-windows-x86_64 | 0.1.0 | 6.00 | 49.00 | 55.00 | OK | |
r-patched-linux-x86_64 | 0.1.0 | 3.09 | 38.47 | 41.56 | OK | |
r-release-linux-x86_64 | 0.1.0 | 3.76 | 38.34 | 42.10 | OK | |
r-release-macos-arm64 | 0.1.0 | 21.00 | OK | |||
r-release-macos-x86_64 | 0.1.0 | 31.00 | OK | |||
r-release-windows-x86_64 | 0.1.0 | 7.00 | 52.00 | 59.00 | OK | |
r-oldrel-macos-arm64 | 0.1.0 | 22.00 | NOTE | |||
r-oldrel-macos-x86_64 | 0.1.0 | 44.00 | NOTE | |||
r-oldrel-windows-x86_64 | 0.1.0 | 6.00 | 55.00 | 61.00 | OK |
Version: 0.1.0
Check: dependencies in R code
Result: NOTE
Namespace in Imports field not imported from: ‘tidyr’
All declared Imports should be used.
Flavors: r-devel-linux-x86_64-fedora-clang, r-devel-linux-x86_64-fedora-gcc, r-oldrel-macos-arm64, r-oldrel-macos-x86_64