CRAN Package Check Results for Package ggtern

Last updated on 2024-02-29 22:58:45 CET.

Flavor Version Tinstall Tcheck Ttotal Status Flags
r-devel-linux-x86_64-debian-clang 3.4.2 2.85 2.59 5.44 ERROR
r-devel-linux-x86_64-debian-gcc 3.4.2 2.50 2.07 4.57 ERROR
r-devel-linux-x86_64-fedora-clang 3.4.2 7.06 ERROR
r-devel-linux-x86_64-fedora-gcc 3.4.2 7.15 ERROR
r-devel-windows-x86_64 3.4.2 15.00 145.00 160.00 NOTE
r-patched-linux-x86_64 3.4.2 3.15 2.27 5.42 ERROR
r-release-linux-x86_64 3.4.2 1.87 2.32 4.19 ERROR
r-release-macos-arm64 3.4.2 61.00 OK
r-release-macos-x86_64 3.4.2 93.00 OK
r-release-windows-x86_64 3.4.2 5.00 5.00 10.00 ERROR
r-oldrel-macos-arm64 3.4.2 68.00 OK
r-oldrel-windows-x86_64 3.4.2 3.00 11.00 14.00 ERROR

Check Details

Version: 3.4.2
Check: whether package can be installed
Result: ERROR Installation failed. Flavors: r-devel-linux-x86_64-debian-clang, r-devel-linux-x86_64-debian-gcc, r-devel-linux-x86_64-fedora-clang, r-devel-linux-x86_64-fedora-gcc, r-patched-linux-x86_64, r-release-linux-x86_64, r-release-windows-x86_64, r-oldrel-windows-x86_64

Version: 3.4.2
Check: Rd \usage sections
Result: NOTE Documented arguments not in \usage in Rd file 'ggplot_gtable.Rd': 'plot' Documented arguments not in \usage in Rd file 'undocumented.Rd': 'latex' 'ggplot' Functions with \usage entries need to have the appropriate \alias entries, and all their arguments documented. The \usage entries must correspond to syntactically valid R code. See chapter 'Writing R documentation files' in the 'Writing R Extensions' manual. Flavor: r-devel-windows-x86_64