CRAN Package Check Results for Package ggwordcloud

Last updated on 2021-07-23 22:53:08 CEST.

Flavor Version Tinstall Tcheck Ttotal Status Flags
r-devel-linux-x86_64-debian-clang 0.5.0 25.41 177.62 203.03 OK
r-devel-linux-x86_64-debian-gcc 0.5.0 17.09 135.09 152.18 OK
r-devel-linux-x86_64-fedora-clang 0.5.0 271.00 NOTE
r-devel-linux-x86_64-fedora-gcc 0.5.0 258.06 NOTE
r-devel-windows-x86_64 0.5.0 25.00 149.00 174.00 OK
r-devel-windows-x86_64-gcc10-UCRT 0.5.0 NOTE
r-patched-linux-x86_64 0.5.0 19.60 170.00 189.60 OK
r-patched-solaris-x86 0.5.0 272.20 NOTE
r-release-linux-x86_64 0.5.0 21.31 169.99 191.30 OK
r-release-macos-arm64 0.5.0 NOTE
r-release-macos-x86_64 0.5.0 NOTE
r-release-windows-ix86+x86_64 0.5.0 57.00 183.00 240.00 OK
r-oldrel-macos-x86_64 0.5.0 NOTE
r-oldrel-windows-ix86+x86_64 0.5.0 60.00 235.00 295.00 OK

Check Details

Version: 0.5.0
Check: data for non-ASCII characters
Result: NOTE
     Note: found 203 marked UTF-8 strings
Flavors: r-devel-linux-x86_64-fedora-clang, r-devel-linux-x86_64-fedora-gcc, r-devel-windows-x86_64-gcc10-UCRT, r-patched-solaris-x86, r-release-macos-arm64, r-release-macos-x86_64, r-oldrel-macos-x86_64