CRAN Package Check Results for Package gh

Last updated on 2021-08-05 22:54:49 CEST.

Flavor Version Tinstall Tcheck Ttotal Status Flags
r-devel-linux-x86_64-debian-clang 1.3.0 4.72 34.43 39.15 OK
r-devel-linux-x86_64-debian-gcc 1.3.0 3.60 27.48 31.08 OK
r-devel-linux-x86_64-fedora-clang 1.3.0 57.04 OK
r-devel-linux-x86_64-fedora-gcc 1.3.0 46.39 OK
r-devel-windows-x86_64 1.3.0 7.00 58.00 65.00 OK
r-devel-windows-x86_64-gcc10-UCRT 1.3.0 ERROR
r-patched-linux-x86_64 1.3.0 4.79 34.00 38.79 OK
r-patched-solaris-x86 1.3.0 67.40 OK
r-release-linux-x86_64 1.3.0 4.65 33.78 38.43 OK
r-release-macos-arm64 1.3.0 OK
r-release-macos-x86_64 1.3.0 OK
r-release-windows-ix86+x86_64 1.3.0 9.00 56.00 65.00 OK
r-oldrel-macos-x86_64 1.3.0 OK
r-oldrel-windows-ix86+x86_64 1.3.0 31.00 58.00 89.00 OK

Check Details

Version: 1.3.0
Check: package dependencies
Result: ERROR
    Package required but not available: 'cli'
    
    Packages suggested but not available for checking: 'mockery', 'testthat'
    
    See section 'The DESCRIPTION file' in the 'Writing R Extensions'
    manual.
Flavor: r-devel-windows-x86_64-gcc10-UCRT