CRAN Package Check Results for Package gifski

Last updated on 2021-06-18 22:54:29 CEST.

Flavor Version Tinstall Tcheck Ttotal Status Flags
r-devel-linux-x86_64-debian-clang 1.4.3-1 243.73 21.67 265.40 OK
r-devel-linux-x86_64-debian-gcc 1.4.3-1 179.61 17.37 196.98 OK
r-devel-linux-x86_64-fedora-clang 1.4.3-1 355.96 OK
r-devel-linux-x86_64-fedora-gcc 1.4.3-1 343.51 OK
r-devel-windows-x86_64 1.4.3-1 9.00 44.00 53.00 OK
r-devel-windows-x86_64-gcc10-UCRT 1.4.3-1 OK
r-patched-linux-x86_64 1.4.3-1 245.30 21.21 266.51 OK
r-release-linux-x86_64 1.4.3-1 247.43 21.29 268.72 OK
r-release-macos-arm64 1.4.3-1 NOTE
r-release-macos-x86_64 1.4.3-1 NOTE
r-release-windows-ix86+x86_64 1.4.3-1 13.00 59.00 72.00 OK
r-oldrel-macos-x86_64 1.4.3-1 NOTE
r-oldrel-windows-ix86+x86_64 1.4.3-1 11.00 58.00 69.00 OK

Check Details

Version: 1.4.3-1
Check: installed package size
Result: NOTE
     installed size is 6.9Mb
     sub-directories of 1Mb or more:
     libs 6.8Mb
Flavors: r-release-macos-arm64, r-release-macos-x86_64, r-oldrel-macos-x86_64