CRAN Package Check Results for Package gifti

Last updated on 2021-11-28 22:51:15 CET.

Flavor Version Tinstall Tcheck Ttotal Status Flags
r-devel-linux-x86_64-debian-clang 0.8.0 NOTE
r-devel-linux-x86_64-debian-gcc 0.8.0 2.47 46.25 48.72 NOTE
r-devel-linux-x86_64-fedora-clang 0.8.0 81.25 NOTE
r-devel-linux-x86_64-fedora-gcc 0.8.0 71.88 NOTE
r-devel-windows-x86_64-new-UL 0.8.0 10.00 657.00 667.00 NOTE
r-devel-windows-x86_64-new-TK 0.8.0 NOTE
r-devel-windows-x86_64-old 0.8.0 5.00 166.00 171.00 NOTE
r-patched-linux-x86_64 0.8.0 3.20 56.24 59.44 NOTE
r-patched-solaris-x86 0.8.0 91.10 NOTE
r-release-linux-x86_64 0.8.0 2.72 55.41 58.13 NOTE
r-release-macos-arm64 0.8.0 NOTE
r-release-macos-x86_64 0.8.0 NOTE
r-release-windows-ix86+x86_64 0.8.0 7.00 196.00 203.00 NOTE
r-oldrel-macos-x86_64 0.8.0 OK
r-oldrel-windows-ix86+x86_64 0.8.0 6.00 167.00 173.00 OK

Check Details

Version: 0.8.0
Check: LazyData
Result: NOTE
     'LazyData' is specified without a 'data' directory
Flavors: r-devel-linux-x86_64-debian-clang, r-devel-linux-x86_64-debian-gcc, r-devel-linux-x86_64-fedora-clang, r-devel-linux-x86_64-fedora-gcc, r-devel-windows-x86_64-new-UL, r-devel-windows-x86_64-new-TK, r-devel-windows-x86_64-old, r-patched-linux-x86_64, r-patched-solaris-x86, r-release-linux-x86_64, r-release-macos-arm64, r-release-macos-x86_64, r-release-windows-ix86+x86_64