CRAN Package Check Results for Package gigg

Last updated on 2021-08-03 22:53:23 CEST.

Flavor Version Tinstall Tcheck Ttotal Status Flags
r-devel-linux-x86_64-debian-clang 0.2.1 45.77 29.36 75.13 OK
r-devel-linux-x86_64-debian-gcc 0.2.1 32.16 22.99 55.15 OK
r-devel-linux-x86_64-fedora-clang 0.2.1 116.44 OK
r-devel-linux-x86_64-fedora-gcc 0.2.1 99.75 OK
r-devel-windows-x86_64 0.2.1 47.00 59.00 106.00 OK
r-devel-windows-x86_64-gcc10-UCRT 0.2.1 OK
r-patched-linux-x86_64 0.2.1 41.14 28.14 69.28 OK
r-patched-solaris-x86 0.2.1 110.00 OK
r-release-linux-x86_64 0.2.1 37.55 28.27 65.82 OK
r-release-macos-arm64 0.2.1 NOTE
r-release-macos-x86_64 0.2.1 OK
r-release-windows-ix86+x86_64 0.2.1 112.00 57.00 169.00 OK
r-oldrel-macos-x86_64 0.2.1 OK
r-oldrel-windows-ix86+x86_64 0.2.1 78.00 93.00 171.00 OK

Check Details

Version: 0.2.1
Check: installed package size
Result: NOTE
     installed size is 5.5Mb
     sub-directories of 1Mb or more:
     libs 4.9Mb
Flavor: r-release-macos-arm64