CRAN Package Check Results for Package git2r

Last updated on 2025-01-22 22:51:21 CET.

Flavor Version Tinstall Tcheck Ttotal Status Flags
r-devel-linux-x86_64-debian-clang 0.35.0 15.18 61.45 76.63 OK
r-devel-linux-x86_64-debian-gcc 0.35.0 11.95 44.59 56.54 OK
r-devel-linux-x86_64-fedora-clang 0.35.0 121.44 OK
r-devel-linux-x86_64-fedora-gcc 0.35.0 117.71 OK
r-devel-windows-x86_64 0.35.0 32.00 127.00 159.00 OK
r-patched-linux-x86_64 0.35.0 14.95 57.93 72.88 OK
r-release-linux-x86_64 0.35.0 12.93 58.41 71.34 OK
r-release-macos-arm64 0.35.0 61.00 NOTE
r-release-macos-x86_64 0.35.0 117.00 NOTE
r-release-windows-x86_64 0.35.0 40.00 124.00 164.00 OK
r-oldrel-macos-arm64 0.35.0 62.00 NOTE
r-oldrel-macos-x86_64 0.35.0 103.00 NOTE
r-oldrel-windows-x86_64 0.35.0 36.00 135.00 171.00 OK

Check Details

Version: 0.35.0
Check: installed package size
Result: NOTE installed size is 6.2Mb sub-directories of 1Mb or more: libs 5.8Mb Flavors: r-release-macos-arm64, r-release-macos-x86_64, r-oldrel-macos-arm64, r-oldrel-macos-x86_64