Last updated on 2023-09-30 22:59:08 CEST.
Flavor | Version | Tinstall | Tcheck | Ttotal | Status | Flags |
---|---|---|---|---|---|---|
r-devel-linux-x86_64-debian-clang | 0.1.3 | 2.28 | 30.62 | 32.90 | NOTE | |
r-devel-linux-x86_64-debian-gcc | 0.1.3 | 2.13 | 24.20 | 26.33 | NOTE | |
r-devel-linux-x86_64-fedora-clang | 0.1.3 | 40.41 | NOTE | |||
r-devel-linux-x86_64-fedora-gcc | 0.1.3 | 40.65 | NOTE | |||
r-devel-windows-x86_64 | 0.1.3 | 3.00 | 46.00 | 49.00 | NOTE | |
r-patched-linux-x86_64 | 0.1.3 | 2.10 | 30.68 | 32.78 | NOTE | |
r-release-linux-x86_64 | 0.1.3 | 2.20 | 30.75 | 32.95 | NOTE | |
r-release-macos-arm64 | 0.1.3 | 19.00 | NOTE | |||
r-release-macos-x86_64 | 0.1.3 | 25.00 | NOTE | |||
r-release-windows-x86_64 | 0.1.3 | 4.00 | 48.00 | 52.00 | NOTE | |
r-oldrel-macos-arm64 | 0.1.3 | 23.00 | NOTE | |||
r-oldrel-macos-x86_64 | 0.1.3 | 24.00 | NOTE | |||
r-oldrel-windows-x86_64 | 0.1.3 | 4.00 | 52.00 | 56.00 | NOTE |
Version: 0.1.3
Check: LazyData
Result: NOTE
'LazyData' is specified without a 'data' directory
Flavors: r-devel-linux-x86_64-debian-clang, r-devel-linux-x86_64-debian-gcc, r-devel-linux-x86_64-fedora-clang, r-devel-linux-x86_64-fedora-gcc, r-devel-windows-x86_64, r-patched-linux-x86_64, r-release-linux-x86_64, r-release-macos-arm64, r-release-macos-x86_64, r-release-windows-x86_64, r-oldrel-macos-arm64, r-oldrel-macos-x86_64, r-oldrel-windows-x86_64