CRAN Package Check Results for Package gjam

Last updated on 2021-10-21 22:50:36 CEST.

Flavor Version Tinstall Tcheck Ttotal Status Flags
r-devel-linux-x86_64-debian-clang 2.5 59.28 110.94 170.22 OK
r-devel-linux-x86_64-debian-gcc 2.5 47.48 80.93 128.41 OK
r-devel-linux-x86_64-fedora-clang 2.5 234.53 OK
r-devel-linux-x86_64-fedora-gcc 2.5 217.85 OK
r-devel-windows-x86_64 2.5 81.00 147.00 228.00 OK
r-devel-windows-x86_64-gcc10-UCRT 2.5 OK
r-patched-linux-x86_64 2.5 55.11 108.53 163.64 OK
r-patched-solaris-x86 2.5 196.30 OK
r-release-linux-x86_64 2.5 50.92 106.43 157.35 OK
r-release-macos-arm64 2.3.9 NOTE
r-release-macos-x86_64 2.5 OK
r-release-windows-ix86+x86_64 2.5 92.00 110.00 202.00 OK
r-oldrel-macos-x86_64 2.5 OK
r-oldrel-windows-ix86+x86_64 2.5 96.00 106.00 202.00 OK

Check Details

Version: 2.3.9
Check: installed package size
Result: NOTE
     installed size is 5.2Mb
     sub-directories of 1Mb or more:
     libs 3.8Mb
Flavor: r-release-macos-arm64