Last updated on 2023-09-21 23:03:21 CEST.
Flavor | Version | Tinstall | Tcheck | Ttotal | Status | Flags |
---|---|---|---|---|---|---|
r-devel-linux-x86_64-debian-clang | 2.6.2 | 64.53 | 119.28 | 183.81 | NOTE | |
r-devel-linux-x86_64-debian-gcc | 2.6.2 | 45.64 | 86.04 | 131.68 | NOTE | |
r-devel-linux-x86_64-fedora-clang | 2.6.2 | 240.88 | NOTE | |||
r-devel-linux-x86_64-fedora-gcc | 2.6.2 | 256.63 | NOTE | |||
r-devel-windows-x86_64 | 2.6.2 | 52.00 | 117.00 | 169.00 | NOTE | |
r-patched-linux-x86_64 | 2.6.2 | 66.58 | 114.18 | 180.76 | NOTE | |
r-release-linux-x86_64 | 2.6.2 | 60.59 | 114.61 | 175.20 | NOTE | |
r-release-macos-arm64 | 2.6.2 | 71.00 | NOTE | |||
r-release-macos-x86_64 | 2.6.2 | 118.00 | NOTE | |||
r-release-windows-x86_64 | 2.6.2 | 68.00 | 137.00 | 205.00 | NOTE | |
r-oldrel-macos-arm64 | 2.6.2 | 56.00 | OK | |||
r-oldrel-macos-x86_64 | 2.6.2 | 74.00 | OK | |||
r-oldrel-windows-x86_64 | 2.6.2 | 65.00 | 137.00 | 202.00 | OK |
Version: 2.6.2
Check: C++ specification
Result: NOTE
Specified C++11: please drop specification unless essential
Flavors: r-devel-linux-x86_64-debian-clang, r-devel-linux-x86_64-debian-gcc, r-devel-linux-x86_64-fedora-clang, r-devel-linux-x86_64-fedora-gcc, r-devel-windows-x86_64, r-patched-linux-x86_64, r-release-linux-x86_64, r-release-macos-arm64, r-release-macos-x86_64, r-release-windows-x86_64