Last updated on 2024-03-27 22:57:46 CET.
Flavor | Version | Tinstall | Tcheck | Ttotal | Status | Flags |
---|---|---|---|---|---|---|
r-devel-linux-x86_64-debian-clang | 1.6-0 | 4.50 | 116.03 | 120.53 | NOTE | |
r-devel-linux-x86_64-debian-gcc | 1.6-0 | 5.05 | 82.25 | 87.30 | NOTE | |
r-devel-linux-x86_64-fedora-clang | 1.6-0 | 147.53 | NOTE | |||
r-devel-linux-x86_64-fedora-gcc | 1.6-0 | 154.95 | NOTE | |||
r-devel-windows-x86_64 | 1.6-0 | 5.00 | 122.00 | 127.00 | NOTE | |
r-patched-linux-x86_64 | 1.6-0 | 5.98 | 109.92 | 115.90 | NOTE | |
r-release-linux-x86_64 | 1.6-0 | 6.04 | 107.42 | 113.46 | NOTE | |
r-release-macos-arm64 | 1.6-0 | 51.00 | NOTE | |||
r-release-macos-x86_64 | 1.6-0 | 79.00 | NOTE | |||
r-release-windows-x86_64 | 1.6-0 | 7.00 | 128.00 | 135.00 | NOTE | |
r-oldrel-macos-arm64 | 1.6-0 | 40.00 | OK | |||
r-oldrel-windows-x86_64 | 1.6-0 | 10.00 | 134.00 | 144.00 | OK |
Version: 1.6-0
Check: Rd files
Result: NOTE
checkRd: (-1) randPIT.Rd:52: Escaped LaTeX specials: \&
Flavors: r-devel-linux-x86_64-debian-clang, r-devel-linux-x86_64-debian-gcc, r-devel-linux-x86_64-fedora-clang, r-devel-linux-x86_64-fedora-gcc, r-devel-windows-x86_64, r-patched-linux-x86_64, r-release-linux-x86_64, r-release-macos-arm64, r-release-macos-x86_64, r-release-windows-x86_64