CRAN Package Check Results for Package glm.deploy

Last updated on 2021-08-03 22:53:23 CEST.

Flavor Version Tinstall Tcheck Ttotal Status Flags
r-devel-linux-x86_64-debian-clang 1.0.4 22.36 30.20 52.56 NOTE
r-devel-linux-x86_64-debian-gcc 1.0.4 14.05 23.68 37.73 NOTE
r-devel-linux-x86_64-fedora-clang 1.0.4 76.90 NOTE
r-devel-linux-x86_64-fedora-gcc 1.0.4 61.97 NOTE
r-devel-windows-x86_64 1.0.4 23.00 59.00 82.00 NOTE
r-devel-windows-x86_64-gcc10-UCRT 1.0.4 NOTE
r-patched-linux-x86_64 1.0.4 17.08 29.43 46.51 NOTE
r-patched-solaris-x86 1.0.4 80.00 NOTE
r-release-linux-x86_64 1.0.4 17.21 29.22 46.43 NOTE
r-release-macos-arm64 1.0.4 NOTE
r-release-macos-x86_64 1.0.4 NOTE
r-release-windows-ix86+x86_64 1.0.4 50.00 73.00 123.00 NOTE
r-oldrel-macos-x86_64 1.0.4 OK
r-oldrel-windows-ix86+x86_64 1.0.4 37.00 80.00 117.00 OK

Check Details

Version: 1.0.4
Check: LazyData
Result: NOTE
     'LazyData' is specified without a 'data' directory
Flavors: r-devel-linux-x86_64-debian-clang, r-devel-linux-x86_64-debian-gcc, r-devel-linux-x86_64-fedora-clang, r-devel-linux-x86_64-fedora-gcc, r-devel-windows-x86_64, r-devel-windows-x86_64-gcc10-UCRT, r-patched-linux-x86_64, r-patched-solaris-x86, r-release-linux-x86_64, r-release-macos-arm64, r-release-macos-x86_64, r-release-windows-ix86+x86_64