CRAN Package Check Results for Package glmaag

Last updated on 2019-07-17 22:54:30 CEST.

Flavor Version Tinstall Tcheck Ttotal Status Flags
r-devel-linux-x86_64-debian-clang 0.0.6 175.48 106.63 282.11 NOTE
r-devel-linux-x86_64-debian-gcc 0.0.6 123.12 83.21 206.33 NOTE
r-devel-linux-x86_64-fedora-clang 0.0.6 382.35 NOTE
r-devel-linux-x86_64-fedora-gcc 0.0.6 359.86 OK
r-devel-windows-ix86+x86_64 0.0.6 366.00 259.00 625.00 NOTE
r-patched-linux-x86_64 0.0.6 152.98 103.83 256.81 OK
r-patched-solaris-x86 0.0.6 398.10 OK
r-release-linux-x86_64 0.0.6 141.34 101.96 243.30 OK
r-release-windows-ix86+x86_64 0.0.6 321.00 273.00 594.00 OK
r-release-osx-x86_64 0.0.6 NOTE
r-oldrel-osx-x86_64 0.0.6 ERROR

Check Details

Version: 0.0.6
Check: package vignettes
Result: NOTE
    Package vignette with placeholder title 'Vignette Title':
     'glmaag.Rmd'
Flavors: r-devel-linux-x86_64-debian-clang, r-devel-linux-x86_64-debian-gcc, r-devel-windows-ix86+x86_64

Version: 0.0.6
Check: installed package size
Result: NOTE
     installed size is 12.8Mb
     sub-directories of 1Mb or more:
     libs 12.5Mb
Flavors: r-devel-linux-x86_64-fedora-clang, r-release-osx-x86_64

Version: 0.0.6
Check: whether package can be installed
Result: ERROR
    Installation failed.
Flavor: r-oldrel-osx-x86_64